{"id":583,"date":"2018-09-27T13:28:53","date_gmt":"2018-09-27T11:28:53","guid":{"rendered":"http:\/\/etreshumainsprofessionnels.fr\/?page_id=583"},"modified":"2026-02-03T14:29:23","modified_gmt":"2026-02-03T13:29:23","slug":"les-ateliers","status":"publish","type":"page","link":"https:\/\/etreshumainsprofessionnels.fr\/index.php\/les-ateliers\/","title":{"rendered":"Les actions culturelles"},"content":{"rendered":"\t\t<div data-elementor-type=\"wp-post\" data-elementor-id=\"583\" class=\"elementor elementor-583\">\n\t\t\t\t\t\t<section class=\"elementor-section elementor-top-section elementor-element elementor-element-784febf elementor-section-boxed elementor-section-height-default elementor-section-height-default\" data-id=\"784febf\" data-element_type=\"section\">\n\t\t\t\t\t\t<div class=\"elementor-container elementor-column-gap-default\">\n\t\t\t\t\t<div class=\"elementor-column elementor-col-100 elementor-top-column elementor-element elementor-element-c7bbe22\" data-id=\"c7bbe22\" data-element_type=\"column\">\n\t\t\t<div class=\"elementor-widget-wrap elementor-element-populated\">\n\t\t\t\t\t\t<div class=\"elementor-element elementor-element-d334abd elementor-widget elementor-widget-spacer\" data-id=\"d334abd\" data-element_type=\"widget\" data-widget_type=\"spacer.default\">\n\t\t\t\t<div class=\"elementor-widget-container\">\n\t\t\t\t\t<div class=\"elementor-spacer\">\n\t\t\t<div class=\"elementor-spacer-inner\"><\/div>\n\t\t<\/div>\n\t\t\t\t<\/div>\n\t\t\t\t<\/div>\n\t\t\t\t\t<\/div>\n\t\t<\/div>\n\t\t\t\t\t<\/div>\n\t\t<\/section>\n\t\t\t\t<section class=\"elementor-section elementor-top-section elementor-element elementor-element-e7eebac elementor-section-boxed elementor-section-height-default elementor-section-height-default\" data-id=\"e7eebac\" data-element_type=\"section\">\n\t\t\t\t\t\t<div class=\"elementor-container elementor-column-gap-default\">\n\t\t\t\t\t<div class=\"elementor-column elementor-col-100 elementor-top-column elementor-element elementor-element-e84760d\" data-id=\"e84760d\" data-element_type=\"column\">\n\t\t\t<div class=\"elementor-widget-wrap elementor-element-populated\">\n\t\t\t\t\t\t<div class=\"elementor-element elementor-element-c91876a elementor-widget elementor-widget-heading\" data-id=\"c91876a\" data-element_type=\"widget\" data-widget_type=\"heading.default\">\n\t\t\t\t<div class=\"elementor-widget-container\">\n\t\t\t<h2 class=\"elementor-heading-title elementor-size-large\">Les actions culturelles<\/h2>\t\t<\/div>\n\t\t\t\t<\/div>\n\t\t\t\t\t<\/div>\n\t\t<\/div>\n\t\t\t\t\t<\/div>\n\t\t<\/section>\n\t\t\t\t<section class=\"elementor-section elementor-top-section elementor-element elementor-element-764d733 elementor-section-boxed elementor-section-height-default elementor-section-height-default\" data-id=\"764d733\" data-element_type=\"section\">\n\t\t\t\t\t\t<div class=\"elementor-container elementor-column-gap-default\">\n\t\t\t\t\t<div class=\"elementor-column elementor-col-100 elementor-top-column elementor-element elementor-element-ad6aa15\" data-id=\"ad6aa15\" data-element_type=\"column\">\n\t\t\t<div class=\"elementor-widget-wrap elementor-element-populated\">\n\t\t\t\t\t\t<div class=\"elementor-element elementor-element-00ae497 elementor-widget elementor-widget-text-editor\" data-id=\"00ae497\" data-element_type=\"widget\" data-widget_type=\"text-editor.default\">\n\t\t\t\t<div class=\"elementor-widget-container\">\n\t\t\t\t\t\t\t<p>Nous menons en parall\u00e8le plusieurs actions : les ateliers de lecture \u00e0 haute voix, des ateliers autour de la notion d&#8217;habiter, des ateliers autour du soins. Ci-dessous, vous trouverez toutes les actions\/ateliers depuis le d\u00e9but de la cr\u00e9ation de l&#8217;association.<\/p>\t\t\t\t\t\t<\/div>\n\t\t\t\t<\/div>\n\t\t\t\t\t<\/div>\n\t\t<\/div>\n\t\t\t\t\t<\/div>\n\t\t<\/section>\n\t\t\t\t<section class=\"elementor-section elementor-top-section elementor-element elementor-element-c333682 elementor-section-boxed elementor-section-height-default elementor-section-height-default\" data-id=\"c333682\" data-element_type=\"section\">\n\t\t\t\t\t\t<div class=\"elementor-container elementor-column-gap-default\">\n\t\t\t\t\t<div class=\"elementor-column elementor-col-100 elementor-top-column elementor-element elementor-element-2596704\" data-id=\"2596704\" data-element_type=\"column\">\n\t\t\t<div class=\"elementor-widget-wrap elementor-element-populated\">\n\t\t\t\t\t\t<div class=\"elementor-element elementor-element-56a8691 elementor-widget elementor-widget-spacer\" data-id=\"56a8691\" data-element_type=\"widget\" data-widget_type=\"spacer.default\">\n\t\t\t\t<div class=\"elementor-widget-container\">\n\t\t\t\t\t<div class=\"elementor-spacer\">\n\t\t\t<div class=\"elementor-spacer-inner\"><\/div>\n\t\t<\/div>\n\t\t\t\t<\/div>\n\t\t\t\t<\/div>\n\t\t\t\t\t<\/div>\n\t\t<\/div>\n\t\t\t\t\t<\/div>\n\t\t<\/section>\n\t\t\t\t<section class=\"elementor-section elementor-top-section elementor-element elementor-element-1dbaf75 elementor-section-boxed elementor-section-height-default elementor-section-height-default\" data-id=\"1dbaf75\" data-element_type=\"section\">\n\t\t\t\t\t\t<div class=\"elementor-container elementor-column-gap-default\">\n\t\t\t\t\t<div class=\"elementor-column elementor-col-100 elementor-top-column elementor-element elementor-element-e0ed56b\" data-id=\"e0ed56b\" data-element_type=\"column\">\n\t\t\t<div class=\"elementor-widget-wrap elementor-element-populated\">\n\t\t\t\t\t\t<div class=\"elementor-element elementor-element-a5a1f85 elementor-widget elementor-widget-heading\" data-id=\"a5a1f85\" data-element_type=\"widget\" data-widget_type=\"heading.default\">\n\t\t\t\t<div class=\"elementor-widget-container\">\n\t\t\t<h2 class=\"elementor-heading-title elementor-size-default\">Que chante la nature ? Les ateliers de lecture \u00e0 haute voix<\/h2>\t\t<\/div>\n\t\t\t\t<\/div>\n\t\t\t\t\t<\/div>\n\t\t<\/div>\n\t\t\t\t\t<\/div>\n\t\t<\/section>\n\t\t\t\t<section class=\"elementor-section elementor-top-section elementor-element elementor-element-b8a07fe elementor-section-boxed elementor-section-height-default elementor-section-height-default\" data-id=\"b8a07fe\" data-element_type=\"section\">\n\t\t\t\t\t\t<div class=\"elementor-container elementor-column-gap-default\">\n\t\t\t\t\t<div class=\"elementor-column elementor-col-66 elementor-top-column elementor-element elementor-element-066cccb\" data-id=\"066cccb\" data-element_type=\"column\">\n\t\t\t<div class=\"elementor-widget-wrap elementor-element-populated\">\n\t\t\t\t\t\t<div class=\"elementor-element elementor-element-7dd6bb6 elementor-widget elementor-widget-text-editor\" data-id=\"7dd6bb6\" data-element_type=\"widget\" data-widget_type=\"text-editor.default\">\n\t\t\t\t<div class=\"elementor-widget-container\">\n\t\t\t\t\t\t\t<p>Ces ateliers sont ouverts \u00e0 tous les publics. Dans la pratique, il s&#8217;av\u00e8re que ce sont les enfants qui le fr\u00e9quentent. Ils durent 2h.<br \/>\u00c0 chaque saison, nous apportons un nouveau sujet li\u00e9 au vivant. Les ateliers s&#8217;articulent autour d&#8217;extraits de la litt\u00e9rature classique ou contemporaine. Nous associons volontiers une autre discipline artistique en fonction de ce qui \u00e9merge.<\/p><ul><li>La lune (2025-2026)<\/li><li>La pluie (2024-2025)<\/li><li>La for\u00eat (2023-2024)<\/li><li>Le vent (2022-2023)<\/li><li>Les oiseaux (2021-2022)<\/li><li><a href=\"https:\/\/etreshumainsprofessionnels.fr\/index.php\/2021\/06\/08\/vers-vous-les-etoiles\/\">Les \u00e9toiles<\/a> (2020-2021)<\/li><li><a href=\"https:\/\/etreshumainsprofessionnels.fr\/index.php\/2020\/04\/21\/loup-es-tu\/\">Le loup<\/a> (2019-2020)<\/li><li><a href=\"https:\/\/etreshumainsprofessionnels.fr\/index.php\/2020\/04\/20\/aimer-la-mer\/\">La mer<\/a> (2018-2019)<\/li><\/ul>\t\t\t\t\t\t<\/div>\n\t\t\t\t<\/div>\n\t\t\t\t\t<\/div>\n\t\t<\/div>\n\t\t\t\t<div class=\"elementor-column elementor-col-33 elementor-top-column elementor-element elementor-element-776aa15\" data-id=\"776aa15\" data-element_type=\"column\">\n\t\t\t<div class=\"elementor-widget-wrap elementor-element-populated\">\n\t\t\t\t\t\t<div class=\"elementor-element elementor-element-5a61d87 elementor-widget elementor-widget-image\" data-id=\"5a61d87\" data-element_type=\"widget\" data-widget_type=\"image.default\">\n\t\t\t\t<div class=\"elementor-widget-container\">\n\t\t\t\t\t\t\t\t\t\t\t\t\t<img fetchpriority=\"high\" decoding=\"async\" width=\"1024\" height=\"613\" src=\"https:\/\/etreshumainsprofessionnels.fr\/wp-content\/uploads\/2020\/04\/loup-1024x613.jpg\" class=\"attachment-large size-large wp-image-2168\" alt=\"\" srcset=\"https:\/\/etreshumainsprofessionnels.fr\/wp-content\/uploads\/2020\/04\/loup-1024x613.jpg 1024w, https:\/\/etreshumainsprofessionnels.fr\/wp-content\/uploads\/2020\/04\/loup-300x179.jpg 300w, https:\/\/etreshumainsprofessionnels.fr\/wp-content\/uploads\/2020\/04\/loup-768x459.jpg 768w, https:\/\/etreshumainsprofessionnels.fr\/wp-content\/uploads\/2020\/04\/loup.jpg 1140w\" sizes=\"(max-width: 1024px) 100vw, 1024px\" \/>\t\t\t\t\t\t\t\t\t\t\t\t\t<\/div>\n\t\t\t\t<\/div>\n\t\t\t\t\t<\/div>\n\t\t<\/div>\n\t\t\t\t\t<\/div>\n\t\t<\/section>\n\t\t\t\t<section class=\"elementor-section elementor-top-section elementor-element elementor-element-ca7d033 elementor-section-boxed elementor-section-height-default elementor-section-height-default\" data-id=\"ca7d033\" data-element_type=\"section\">\n\t\t\t\t\t\t<div class=\"elementor-container elementor-column-gap-default\">\n\t\t\t\t\t<div class=\"elementor-column elementor-col-100 elementor-top-column elementor-element elementor-element-3f7e45b\" data-id=\"3f7e45b\" data-element_type=\"column\">\n\t\t\t<div class=\"elementor-widget-wrap elementor-element-populated\">\n\t\t\t\t\t\t<div class=\"elementor-element elementor-element-bb7907b elementor-widget elementor-widget-spacer\" data-id=\"bb7907b\" data-element_type=\"widget\" data-widget_type=\"spacer.default\">\n\t\t\t\t<div class=\"elementor-widget-container\">\n\t\t\t\t\t<div class=\"elementor-spacer\">\n\t\t\t<div class=\"elementor-spacer-inner\"><\/div>\n\t\t<\/div>\n\t\t\t\t<\/div>\n\t\t\t\t<\/div>\n\t\t\t\t\t<\/div>\n\t\t<\/div>\n\t\t\t\t\t<\/div>\n\t\t<\/section>\n\t\t\t\t<section class=\"elementor-section elementor-top-section elementor-element elementor-element-0a2abf0 elementor-section-boxed elementor-section-height-default elementor-section-height-default\" data-id=\"0a2abf0\" data-element_type=\"section\">\n\t\t\t\t\t\t<div class=\"elementor-container elementor-column-gap-default\">\n\t\t\t\t\t<div class=\"elementor-column elementor-col-100 elementor-top-column elementor-element elementor-element-bbb0f2c\" data-id=\"bbb0f2c\" data-element_type=\"column\">\n\t\t\t<div class=\"elementor-widget-wrap elementor-element-populated\">\n\t\t\t\t\t\t<div class=\"elementor-element elementor-element-33b30c8 elementor-widget elementor-widget-heading\" data-id=\"33b30c8\" data-element_type=\"widget\" data-widget_type=\"heading.default\">\n\t\t\t\t<div class=\"elementor-widget-container\">\n\t\t\t<h2 class=\"elementor-heading-title elementor-size-default\">Investir l'espace public<\/h2>\t\t<\/div>\n\t\t\t\t<\/div>\n\t\t\t\t\t<\/div>\n\t\t<\/div>\n\t\t\t\t\t<\/div>\n\t\t<\/section>\n\t\t\t\t<section class=\"elementor-section elementor-top-section elementor-element elementor-element-94b08f4 elementor-section-boxed elementor-section-height-default elementor-section-height-default\" data-id=\"94b08f4\" data-element_type=\"section\">\n\t\t\t\t\t\t<div class=\"elementor-container elementor-column-gap-default\">\n\t\t\t\t\t<div class=\"elementor-column elementor-col-66 elementor-top-column elementor-element elementor-element-8b8c400\" data-id=\"8b8c400\" data-element_type=\"column\">\n\t\t\t<div class=\"elementor-widget-wrap elementor-element-populated\">\n\t\t\t\t\t\t<div class=\"elementor-element elementor-element-dc3020f elementor-widget elementor-widget-text-editor\" data-id=\"dc3020f\" data-element_type=\"widget\" data-widget_type=\"text-editor.default\">\n\t\t\t\t<div class=\"elementor-widget-container\">\n\t\t\t\t\t\t\t<div class=\"page\" title=\"Page 11\"><div class=\"section\"><div class=\"layoutArea\"><div class=\"column\"><div class=\"page\" title=\"Page 8\"><div class=\"section\"><div class=\"layoutArea\"><div class=\"column\"><p>Habiter quelque part c\u2019est aussi investir l\u2019espace public. Quel rapport avons-nous des espaces publics ? Comment impactent-ils nos vies au quotidien ? C\u2019est quoi un e\u0301quipement public ? Et si on faisait classe dehors ? Et si les espaces publics e\u0301taient des lieux de vie pluto\u0302t que des espacez de\u0301die\u0301s aux flux ? Fort de nos questionnements, parfois enfantins, nous nous sommes pris au jeu de construire des cabanes. Pas tout seul. Toujours avec les associations de quartier et les habitants. Parfois, nous les avons mise a\u0300 disposition des e\u0301coles.<br \/>Sur une proposition des habitants, nous avons dit \u201cchiche \u201c! Et hop une fresque !<\/p><\/div><\/div><\/div><\/div><\/div><\/div><\/div><\/div><ul><li>Co-construire des cabanes avec les habitants (cabane ressource en bois et tissus, tipis en bois bambou et tissus, tipis v\u00e9g\u00e9taux)<\/li><li>entretenir les cabanes<\/li><li>R\u00e9aliser une fresque<\/li><li>Faire classe dehors, \u00e0 la cabane<\/li><li>Porter un regard sur la ville<\/li><li>D\u00e9ambulations<\/li><li>Repas de quartier<\/li><li>Concerts (voir le festival des cabanes)<\/li><li>Expositions en ext\u00e9rieur<\/li><\/ul>\t\t\t\t\t\t<\/div>\n\t\t\t\t<\/div>\n\t\t\t\t\t<\/div>\n\t\t<\/div>\n\t\t\t\t<div class=\"elementor-column elementor-col-33 elementor-top-column elementor-element elementor-element-1344fda\" data-id=\"1344fda\" data-element_type=\"column\">\n\t\t\t<div class=\"elementor-widget-wrap elementor-element-populated\">\n\t\t\t\t\t\t<div class=\"elementor-element elementor-element-df1c6ec elementor-widget elementor-widget-image\" data-id=\"df1c6ec\" data-element_type=\"widget\" data-widget_type=\"image.default\">\n\t\t\t\t<div class=\"elementor-widget-container\">\n\t\t\t\t\t\t\t\t\t\t\t\t\t<img decoding=\"async\" width=\"1024\" height=\"576\" src=\"https:\/\/etreshumainsprofessionnels.fr\/wp-content\/uploads\/2026\/02\/DSC00348-1024x576.jpg\" class=\"attachment-large size-large wp-image-3513\" alt=\"\" srcset=\"https:\/\/etreshumainsprofessionnels.fr\/wp-content\/uploads\/2026\/02\/DSC00348-1024x576.jpg 1024w, https:\/\/etreshumainsprofessionnels.fr\/wp-content\/uploads\/2026\/02\/DSC00348-300x169.jpg 300w, https:\/\/etreshumainsprofessionnels.fr\/wp-content\/uploads\/2026\/02\/DSC00348-768x432.jpg 768w, https:\/\/etreshumainsprofessionnels.fr\/wp-content\/uploads\/2026\/02\/DSC00348-1536x864.jpg 1536w, https:\/\/etreshumainsprofessionnels.fr\/wp-content\/uploads\/2026\/02\/DSC00348-2048x1152.jpg 2048w\" sizes=\"(max-width: 1024px) 100vw, 1024px\" \/>\t\t\t\t\t\t\t\t\t\t\t\t\t<\/div>\n\t\t\t\t<\/div>\n\t\t\t\t<div class=\"elementor-element elementor-element-3bed181 elementor-widget elementor-widget-image\" data-id=\"3bed181\" data-element_type=\"widget\" data-widget_type=\"image.default\">\n\t\t\t\t<div class=\"elementor-widget-container\">\n\t\t\t\t\t\t\t\t\t\t\t\t\t<img decoding=\"async\" width=\"1024\" height=\"576\" src=\"https:\/\/etreshumainsprofessionnels.fr\/wp-content\/uploads\/2026\/02\/DSC00354-1024x576.jpg\" class=\"attachment-large size-large wp-image-3514\" alt=\"\" srcset=\"https:\/\/etreshumainsprofessionnels.fr\/wp-content\/uploads\/2026\/02\/DSC00354-1024x576.jpg 1024w, https:\/\/etreshumainsprofessionnels.fr\/wp-content\/uploads\/2026\/02\/DSC00354-300x169.jpg 300w, https:\/\/etreshumainsprofessionnels.fr\/wp-content\/uploads\/2026\/02\/DSC00354-768x432.jpg 768w, https:\/\/etreshumainsprofessionnels.fr\/wp-content\/uploads\/2026\/02\/DSC00354-1536x864.jpg 1536w, https:\/\/etreshumainsprofessionnels.fr\/wp-content\/uploads\/2026\/02\/DSC00354-2048x1152.jpg 2048w\" sizes=\"(max-width: 1024px) 100vw, 1024px\" \/>\t\t\t\t\t\t\t\t\t\t\t\t\t<\/div>\n\t\t\t\t<\/div>\n\t\t\t\t\t<\/div>\n\t\t<\/div>\n\t\t\t\t\t<\/div>\n\t\t<\/section>\n\t\t\t\t<section class=\"elementor-section elementor-top-section elementor-element elementor-element-2fb248b elementor-section-boxed elementor-section-height-default elementor-section-height-default\" data-id=\"2fb248b\" data-element_type=\"section\">\n\t\t\t\t\t\t<div class=\"elementor-container elementor-column-gap-default\">\n\t\t\t\t\t<div class=\"elementor-column elementor-col-100 elementor-top-column elementor-element elementor-element-b5f3e14\" data-id=\"b5f3e14\" data-element_type=\"column\">\n\t\t\t<div class=\"elementor-widget-wrap elementor-element-populated\">\n\t\t\t\t\t\t<div class=\"elementor-element elementor-element-20ce6c0 elementor-widget elementor-widget-heading\" data-id=\"20ce6c0\" data-element_type=\"widget\" data-widget_type=\"heading.default\">\n\t\t\t\t<div class=\"elementor-widget-container\">\n\t\t\t<h2 class=\"elementor-heading-title elementor-size-default\">Savoirs habitants<\/h2>\t\t<\/div>\n\t\t\t\t<\/div>\n\t\t\t\t\t<\/div>\n\t\t<\/div>\n\t\t\t\t\t<\/div>\n\t\t<\/section>\n\t\t\t\t<section class=\"elementor-section elementor-top-section elementor-element elementor-element-c908e9f elementor-section-boxed elementor-section-height-default elementor-section-height-default\" data-id=\"c908e9f\" data-element_type=\"section\">\n\t\t\t\t\t\t<div class=\"elementor-container elementor-column-gap-default\">\n\t\t\t\t\t<div class=\"elementor-column elementor-col-66 elementor-top-column elementor-element elementor-element-52ad13f\" data-id=\"52ad13f\" data-element_type=\"column\">\n\t\t\t<div class=\"elementor-widget-wrap elementor-element-populated\">\n\t\t\t\t\t\t<div class=\"elementor-element elementor-element-ea8002f elementor-widget elementor-widget-text-editor\" data-id=\"ea8002f\" data-element_type=\"widget\" data-widget_type=\"text-editor.default\">\n\t\t\t\t<div class=\"elementor-widget-container\">\n\t\t\t\t\t\t\t<p>Vivent des habitants porteurs d\u2019histoires, de me\u0301moires et de pratiques culturelles riches et souvent me\u0301connues. Un passe\u0301 de chanteurs, de musiciens, de photographe.<br \/>Le projet \u201cSavoirs habitants de La Redoute\u201d vise a\u0300 re\u0301ve\u0301ler et partager ces me\u0301moires et talents, en faisant dialoguer la photographie, la voix, les reme\u0300des traditionnels et la cre\u0301ation participative.<\/p><ul><li>Collectage de photographies et d&#8217;histoires aupr\u00e8s d&#8217;un habitant<\/li><li>Ateliers chants avec Abdelhadi El Rharbi. Recueil de paroles.<\/li><li>Portraits d&#8217;habitants<\/li><li>Collectage de rem\u00e8des traditionnels et cr\u00e9ation d&#8217;un carnet de rem\u00e8des<\/li><li>Exposition<\/li><\/ul><p>\u00a0<\/p>\t\t\t\t\t\t<\/div>\n\t\t\t\t<\/div>\n\t\t\t\t\t<\/div>\n\t\t<\/div>\n\t\t\t\t<div class=\"elementor-column elementor-col-33 elementor-top-column elementor-element elementor-element-9434a7b\" data-id=\"9434a7b\" data-element_type=\"column\">\n\t\t\t<div class=\"elementor-widget-wrap elementor-element-populated\">\n\t\t\t\t\t\t<div class=\"elementor-element elementor-element-41fc649 elementor-widget elementor-widget-image\" data-id=\"41fc649\" data-element_type=\"widget\" data-widget_type=\"image.default\">\n\t\t\t\t<div class=\"elementor-widget-container\">\n\t\t\t\t\t\t\t\t\t\t\t\t\t<img loading=\"lazy\" decoding=\"async\" width=\"1024\" height=\"684\" src=\"https:\/\/etreshumainsprofessionnels.fr\/wp-content\/uploads\/2026\/02\/LaRedoute-KhalidFaouzi_\u00a9CHRYSTELJUBIEN-2-1024x684.jpg\" class=\"attachment-large size-large wp-image-3496\" alt=\"\" srcset=\"https:\/\/etreshumainsprofessionnels.fr\/wp-content\/uploads\/2026\/02\/LaRedoute-KhalidFaouzi_\u00a9CHRYSTELJUBIEN-2-1024x684.jpg 1024w, https:\/\/etreshumainsprofessionnels.fr\/wp-content\/uploads\/2026\/02\/LaRedoute-KhalidFaouzi_\u00a9CHRYSTELJUBIEN-2-300x200.jpg 300w, https:\/\/etreshumainsprofessionnels.fr\/wp-content\/uploads\/2026\/02\/LaRedoute-KhalidFaouzi_\u00a9CHRYSTELJUBIEN-2-768x513.jpg 768w, https:\/\/etreshumainsprofessionnels.fr\/wp-content\/uploads\/2026\/02\/LaRedoute-KhalidFaouzi_\u00a9CHRYSTELJUBIEN-2-1536x1026.jpg 1536w, https:\/\/etreshumainsprofessionnels.fr\/wp-content\/uploads\/2026\/02\/LaRedoute-KhalidFaouzi_\u00a9CHRYSTELJUBIEN-2.jpg 2048w\" sizes=\"(max-width: 1024px) 100vw, 1024px\" \/>\t\t\t\t\t\t\t\t\t\t\t\t\t<\/div>\n\t\t\t\t<\/div>\n\t\t\t\t\t<\/div>\n\t\t<\/div>\n\t\t\t\t\t<\/div>\n\t\t<\/section>\n\t\t\t\t<section class=\"elementor-section elementor-top-section elementor-element elementor-element-74eaf46 elementor-section-boxed elementor-section-height-default elementor-section-height-default\" data-id=\"74eaf46\" data-element_type=\"section\">\n\t\t\t\t\t\t<div class=\"elementor-container elementor-column-gap-default\">\n\t\t\t\t\t<div class=\"elementor-column elementor-col-100 elementor-top-column elementor-element elementor-element-bcc19be\" data-id=\"bcc19be\" data-element_type=\"column\">\n\t\t\t<div class=\"elementor-widget-wrap elementor-element-populated\">\n\t\t\t\t\t\t<div class=\"elementor-element elementor-element-a003c60 elementor-widget elementor-widget-heading\" data-id=\"a003c60\" data-element_type=\"widget\" data-widget_type=\"heading.default\">\n\t\t\t\t<div class=\"elementor-widget-container\">\n\t\t\t<h2 class=\"elementor-heading-title elementor-size-default\">La f\u00eate de quartier<\/h2>\t\t<\/div>\n\t\t\t\t<\/div>\n\t\t\t\t\t<\/div>\n\t\t<\/div>\n\t\t\t\t\t<\/div>\n\t\t<\/section>\n\t\t\t\t<section class=\"elementor-section elementor-top-section elementor-element elementor-element-ab2334b elementor-section-boxed elementor-section-height-default elementor-section-height-default\" data-id=\"ab2334b\" data-element_type=\"section\">\n\t\t\t\t\t\t<div class=\"elementor-container elementor-column-gap-default\">\n\t\t\t\t\t<div class=\"elementor-column elementor-col-66 elementor-top-column elementor-element elementor-element-683986f\" data-id=\"683986f\" data-element_type=\"column\">\n\t\t\t<div class=\"elementor-widget-wrap elementor-element-populated\">\n\t\t\t\t\t\t<div class=\"elementor-element elementor-element-714bad9 elementor-widget elementor-widget-text-editor\" data-id=\"714bad9\" data-element_type=\"widget\" data-widget_type=\"text-editor.default\">\n\t\t\t\t<div class=\"elementor-widget-container\">\n\t\t\t\t\t\t\t<p>La f\u00eate de quartier, c&#8217;est le festival des cabanes. C&#8217;est par <a href=\"https:\/\/etreshumainsprofessionnels.fr\/index.php\/festival-des-cabanes\/\">ici<\/a><\/p>\t\t\t\t\t\t<\/div>\n\t\t\t\t<\/div>\n\t\t\t\t\t<\/div>\n\t\t<\/div>\n\t\t\t\t<div class=\"elementor-column elementor-col-33 elementor-top-column elementor-element elementor-element-c2bbde5\" data-id=\"c2bbde5\" data-element_type=\"column\">\n\t\t\t<div class=\"elementor-widget-wrap elementor-element-populated\">\n\t\t\t\t\t\t<div class=\"elementor-element elementor-element-176d4d7 elementor-widget elementor-widget-image\" data-id=\"176d4d7\" data-element_type=\"widget\" data-widget_type=\"image.default\">\n\t\t\t\t<div class=\"elementor-widget-container\">\n\t\t\t\t\t\t\t\t\t\t\t\t\t<img loading=\"lazy\" decoding=\"async\" width=\"600\" height=\"800\" src=\"https:\/\/etreshumainsprofessionnels.fr\/wp-content\/uploads\/2026\/01\/Maman-bebe.jpg\" class=\"attachment-large size-large wp-image-3437\" alt=\"\" srcset=\"https:\/\/etreshumainsprofessionnels.fr\/wp-content\/uploads\/2026\/01\/Maman-bebe.jpg 600w, https:\/\/etreshumainsprofessionnels.fr\/wp-content\/uploads\/2026\/01\/Maman-bebe-225x300.jpg 225w\" sizes=\"(max-width: 600px) 100vw, 600px\" \/>\t\t\t\t\t\t\t\t\t\t\t\t\t<\/div>\n\t\t\t\t<\/div>\n\t\t\t\t\t<\/div>\n\t\t<\/div>\n\t\t\t\t\t<\/div>\n\t\t<\/section>\n\t\t\t\t<section class=\"elementor-section elementor-top-section elementor-element elementor-element-a700150 elementor-section-boxed elementor-section-height-default elementor-section-height-default\" data-id=\"a700150\" data-element_type=\"section\">\n\t\t\t\t\t\t<div class=\"elementor-container elementor-column-gap-default\">\n\t\t\t\t\t<div class=\"elementor-column elementor-col-100 elementor-top-column elementor-element elementor-element-440a6db\" data-id=\"440a6db\" data-element_type=\"column\">\n\t\t\t<div class=\"elementor-widget-wrap elementor-element-populated\">\n\t\t\t\t\t\t<div class=\"elementor-element elementor-element-14bf9a5 elementor-widget elementor-widget-spacer\" data-id=\"14bf9a5\" data-element_type=\"widget\" data-widget_type=\"spacer.default\">\n\t\t\t\t<div class=\"elementor-widget-container\">\n\t\t\t\t\t<div class=\"elementor-spacer\">\n\t\t\t<div class=\"elementor-spacer-inner\"><\/div>\n\t\t<\/div>\n\t\t\t\t<\/div>\n\t\t\t\t<\/div>\n\t\t\t\t\t<\/div>\n\t\t<\/div>\n\t\t\t\t\t<\/div>\n\t\t<\/section>\n\t\t\t\t<\/div>\n\t\t","protected":false},"excerpt":{"rendered":"<p>Les actions culturelles Nous menons en parall\u00e8le plusieurs actions : les ateliers de lecture \u00e0 haute voix, des ateliers autour de la notion d&#8217;habiter, des ateliers autour du soins. Ci-dessous, vous trouverez toutes les actions\/ateliers depuis le d\u00e9but de la cr\u00e9ation de l&#8217;association. Que chante la nature ? Les ateliers de lecture \u00e0 haute voix &hellip;<\/p>\n<p class=\"read-more\"> <a class=\"\" href=\"https:\/\/etreshumainsprofessionnels.fr\/index.php\/les-ateliers\/\"> <span class=\"screen-reader-text\">Les actions culturelles<\/span> Read More &raquo;<\/a><\/p>\n","protected":false},"author":1,"featured_media":0,"parent":0,"menu_order":0,"comment_status":"closed","ping_status":"closed","template":"elementor_header_footer","meta":{"site-sidebar-layout":"default","site-content-layout":"default","ast-global-header-display":"","ast-banner-title-visibility":"","ast-main-header-display":"","ast-hfb-above-header-display":"","ast-hfb-below-header-display":"","ast-hfb-mobile-header-display":"","site-post-title":"","ast-breadcrumbs-content":"","ast-featured-img":"","footer-sml-layout":"","theme-transparent-header-meta":"","adv-header-id-meta":"","stick-header-meta":"","header-above-stick-meta":"","header-main-stick-meta":"","header-below-stick-meta":""},"_links":{"self":[{"href":"https:\/\/etreshumainsprofessionnels.fr\/index.php\/wp-json\/wp\/v2\/pages\/583"}],"collection":[{"href":"https:\/\/etreshumainsprofessionnels.fr\/index.php\/wp-json\/wp\/v2\/pages"}],"about":[{"href":"https:\/\/etreshumainsprofessionnels.fr\/index.php\/wp-json\/wp\/v2\/types\/page"}],"author":[{"embeddable":true,"href":"https:\/\/etreshumainsprofessionnels.fr\/index.php\/wp-json\/wp\/v2\/users\/1"}],"replies":[{"embeddable":true,"href":"https:\/\/etreshumainsprofessionnels.fr\/index.php\/wp-json\/wp\/v2\/comments?post=583"}],"version-history":[{"count":109,"href":"https:\/\/etreshumainsprofessionnels.fr\/index.php\/wp-json\/wp\/v2\/pages\/583\/revisions"}],"predecessor-version":[{"id":3574,"href":"https:\/\/etreshumainsprofessionnels.fr\/index.php\/wp-json\/wp\/v2\/pages\/583\/revisions\/3574"}],"wp:attachment":[{"href":"https:\/\/etreshumainsprofessionnels.fr\/index.php\/wp-json\/wp\/v2\/media?parent=583"}],"curies":[{"name":"wp","href":"https:\/\/api.w.org\/{rel}","templated":true}]}}