{"id":2763,"date":"2023-10-07T10:23:03","date_gmt":"2023-10-07T08:23:03","guid":{"rendered":"https:\/\/etreshumainsprofessionnels.fr\/?page_id=2763"},"modified":"2023-10-07T11:21:44","modified_gmt":"2023-10-07T09:21:44","slug":"autres-actions","status":"publish","type":"page","link":"https:\/\/etreshumainsprofessionnels.fr\/index.php\/autres-actions\/","title":{"rendered":"Autres actions"},"content":{"rendered":"\t\t<div data-elementor-type=\"wp-post\" data-elementor-id=\"2763\" class=\"elementor elementor-2763\">\n\t\t\t\t\t\t<section class=\"elementor-section elementor-top-section elementor-element elementor-element-c9fcdff elementor-section-boxed elementor-section-height-default elementor-section-height-default\" data-id=\"c9fcdff\" data-element_type=\"section\">\n\t\t\t\t\t\t<div class=\"elementor-container elementor-column-gap-default\">\n\t\t\t\t\t<div class=\"elementor-column elementor-col-100 elementor-top-column elementor-element elementor-element-2954432\" data-id=\"2954432\" data-element_type=\"column\">\n\t\t\t<div class=\"elementor-widget-wrap elementor-element-populated\">\n\t\t\t\t\t\t<div class=\"elementor-element elementor-element-5726f30 elementor-widget elementor-widget-spacer\" data-id=\"5726f30\" data-element_type=\"widget\" data-widget_type=\"spacer.default\">\n\t\t\t\t<div class=\"elementor-widget-container\">\n\t\t\t\t\t<div class=\"elementor-spacer\">\n\t\t\t<div class=\"elementor-spacer-inner\"><\/div>\n\t\t<\/div>\n\t\t\t\t<\/div>\n\t\t\t\t<\/div>\n\t\t\t\t\t<\/div>\n\t\t<\/div>\n\t\t\t\t\t<\/div>\n\t\t<\/section>\n\t\t\t\t<section class=\"elementor-section elementor-top-section elementor-element elementor-element-ebb5509 elementor-section-boxed elementor-section-height-default elementor-section-height-default\" data-id=\"ebb5509\" data-element_type=\"section\">\n\t\t\t\t\t\t<div class=\"elementor-container elementor-column-gap-default\">\n\t\t\t\t\t<div class=\"elementor-column elementor-col-66 elementor-top-column elementor-element elementor-element-405b262\" data-id=\"405b262\" data-element_type=\"column\" data-settings=\"{&quot;background_background&quot;:&quot;classic&quot;}\">\n\t\t\t<div class=\"elementor-widget-wrap elementor-element-populated\">\n\t\t\t\t\t\t<div class=\"elementor-element elementor-element-8e15683 elementor-widget elementor-widget-heading\" data-id=\"8e15683\" data-element_type=\"widget\" data-widget_type=\"heading.default\">\n\t\t\t\t<div class=\"elementor-widget-container\">\n\t\t\t<h2 class=\"elementor-heading-title elementor-size-large\">D'autres actions<\/h2>\t\t<\/div>\n\t\t\t\t<\/div>\n\t\t\t\t\t<\/div>\n\t\t<\/div>\n\t\t\t\t<div class=\"elementor-column elementor-col-33 elementor-top-column elementor-element elementor-element-7102a94\" data-id=\"7102a94\" data-element_type=\"column\">\n\t\t\t<div class=\"elementor-widget-wrap elementor-element-populated\">\n\t\t\t\t\t\t<div class=\"elementor-element elementor-element-6ad913f elementor-widget elementor-widget-text-editor\" data-id=\"6ad913f\" data-element_type=\"widget\" data-widget_type=\"text-editor.default\">\n\t\t\t\t<div class=\"elementor-widget-container\">\n\t\t\t\t\t\t\t<p>\u00a0<\/p><p>\u00a0<\/p><p>\u00a0<\/p><p>\u00a0<\/p><p>\u00a0<\/p><p>\u00a0<\/p>\t\t\t\t\t\t<\/div>\n\t\t\t\t<\/div>\n\t\t\t\t\t<\/div>\n\t\t<\/div>\n\t\t\t\t\t<\/div>\n\t\t<\/section>\n\t\t\t\t<section class=\"elementor-section elementor-top-section elementor-element elementor-element-0967b78 elementor-section-boxed elementor-section-height-default elementor-section-height-default\" data-id=\"0967b78\" data-element_type=\"section\">\n\t\t\t\t\t\t<div class=\"elementor-container elementor-column-gap-default\">\n\t\t\t\t\t<div class=\"elementor-column elementor-col-100 elementor-top-column elementor-element elementor-element-460f9e9\" data-id=\"460f9e9\" data-element_type=\"column\">\n\t\t\t<div class=\"elementor-widget-wrap elementor-element-populated\">\n\t\t\t\t\t\t<div class=\"elementor-element elementor-element-02971bb elementor-grid-eael-col-4 elementor-grid-tablet-eael-col-2 elementor-grid-mobile-eael-col-1 elementor-widget elementor-widget-eael-post-grid\" data-id=\"02971bb\" data-element_type=\"widget\" data-settings=\"{&quot;eael_post_grid_columns&quot;:&quot;eael-col-4&quot;,&quot;eael_post_grid_columns_tablet&quot;:&quot;eael-col-2&quot;,&quot;eael_post_grid_columns_mobile&quot;:&quot;eael-col-1&quot;}\" data-widget_type=\"eael-post-grid.default\">\n\t\t\t\t<div class=\"elementor-widget-container\">\n\t\t\t<div id=\"eael-post-grid-02971bb\" class=\"eael-post-grid-container\">\n            <div class=\"eael-post-grid eael-post-appender eael-post-appender-02971bb eael-post-grid-style-one\" data-layout-mode=\"masonry\"><article class=\"eael-grid-post eael-post-grid-column\" data-id=\"2461\">\n        <div class=\"eael-grid-post-holder\">\n            <div class=\"eael-grid-post-holder-inner\"><div class=\"eael-entry-media\"><ul class=\"post-carousel-categories\"><li><a href=\"https:\/\/etreshumainsprofessionnels.fr\/index.php\/tag\/saison-2022-2023\/\">saison 2022-2023<\/a><\/li><\/ul><div class=\"eael-entry-overlay fade-in\"><i class=\"fas fa-long-arrow-alt-right\" aria-hidden=\"true\"><\/i><a href=\"https:\/\/etreshumainsprofessionnels.fr\/index.php\/2023\/03\/19\/flying-piano-a-la-redoute\/\"><\/a><\/div><div class=\"eael-entry-thumbnail eael-image-ratio\">\n                <img fetchpriority=\"high\" decoding=\"async\" width=\"300\" height=\"225\" src=\"https:\/\/etreshumainsprofessionnels.fr\/wp-content\/uploads\/2023\/05\/1685001432118-300x225.jpg\" class=\"attachment-medium size-medium wp-image-2468\" alt=\"\" srcset=\"https:\/\/etreshumainsprofessionnels.fr\/wp-content\/uploads\/2023\/05\/1685001432118-300x225.jpg 300w, https:\/\/etreshumainsprofessionnels.fr\/wp-content\/uploads\/2023\/05\/1685001432118-1024x768.jpg 1024w, https:\/\/etreshumainsprofessionnels.fr\/wp-content\/uploads\/2023\/05\/1685001432118-768x576.jpg 768w, https:\/\/etreshumainsprofessionnels.fr\/wp-content\/uploads\/2023\/05\/1685001432118-1536x1153.jpg 1536w, https:\/\/etreshumainsprofessionnels.fr\/wp-content\/uploads\/2023\/05\/1685001432118.jpg 1599w\" sizes=\"(max-width: 300px) 100vw, 300px\" \/>\n            <\/div>\n        <\/div><div class=\"eael-entry-wrapper\"><header class=\"eael-entry-header\"><h5 class=\"eael-entry-title\"><a class=\"eael-grid-post-link\" href=\"https:\/\/etreshumainsprofessionnels.fr\/index.php\/2023\/03\/19\/flying-piano-a-la-redoute\/\" title=\"Flying piano \u00e0 La Redoute\">Flying piano \u00e0 La Redoute<\/a><\/h5><\/header><div class=\"eael-entry-content\">\n                        <div class=\"eael-grid-post-excerpt\"><p>Faire du piano un instrument pour toutes et tous ! Fabio Zindaco invit\u00e9 par les \u00catres humains professionnels pour composer collectivement et accorder son piano...<\/p><a href=\"https:\/\/etreshumainsprofessionnels.fr\/index.php\/2023\/03\/19\/flying-piano-a-la-redoute\/\" class=\"eael-post-elements-readmore-btn\">\/\/\/ Lire<\/a><\/div>\n                    <\/div><div class=\"eael-entry-footer\"><div class=\"eael-entry-meta\"><span class=\"eael-posted-on\"><time datetime=\"19 March 2023\">19 March 2023<\/time><\/span><\/div><\/div><\/div><\/div>\n        <\/div>\n    <\/article><article class=\"eael-grid-post eael-post-grid-column\" data-id=\"2476\">\n        <div class=\"eael-grid-post-holder\">\n            <div class=\"eael-grid-post-holder-inner\"><div class=\"eael-entry-media\"><ul class=\"post-carousel-categories\"><li><a href=\"https:\/\/etreshumainsprofessionnels.fr\/index.php\/tag\/saison-2022-2023\/\">saison 2022-2023<\/a><\/li><\/ul><div class=\"eael-entry-overlay fade-in\"><i class=\"fas fa-long-arrow-alt-right\" aria-hidden=\"true\"><\/i><a href=\"https:\/\/etreshumainsprofessionnels.fr\/index.php\/2022\/12\/17\/fete-de-levs-de-la-redoute\/\"><\/a><\/div><div class=\"eael-entry-thumbnail eael-image-ratio\">\n                <img decoding=\"async\" width=\"300\" height=\"225\" src=\"https:\/\/etreshumainsprofessionnels.fr\/wp-content\/uploads\/2023\/05\/1685004509323-300x225.jpg\" class=\"attachment-medium size-medium wp-image-2488\" alt=\"\" srcset=\"https:\/\/etreshumainsprofessionnels.fr\/wp-content\/uploads\/2023\/05\/1685004509323-300x225.jpg 300w, https:\/\/etreshumainsprofessionnels.fr\/wp-content\/uploads\/2023\/05\/1685004509323-768x576.jpg 768w, https:\/\/etreshumainsprofessionnels.fr\/wp-content\/uploads\/2023\/05\/1685004509323.jpg 1024w\" sizes=\"(max-width: 300px) 100vw, 300px\" \/>\n            <\/div>\n        <\/div><div class=\"eael-entry-wrapper\"><header class=\"eael-entry-header\"><h5 class=\"eael-entry-title\"><a class=\"eael-grid-post-link\" href=\"https:\/\/etreshumainsprofessionnels.fr\/index.php\/2022\/12\/17\/fete-de-levs-de-la-redoute\/\" title=\"F\u00eate de l&#8217;EVS de La Redoute\">F\u00eate de l&#8217;EVS de La Redoute<\/a><\/h5><\/header><div class=\"eael-entry-content\">\n                        <div class=\"eael-grid-post-excerpt\"><p>Retour en images sur le festival des Cabanes qui s'est d\u00e9roul\u00e9 cet \u00e9t\u00e9.<\/p><a href=\"https:\/\/etreshumainsprofessionnels.fr\/index.php\/2022\/12\/17\/fete-de-levs-de-la-redoute\/\" class=\"eael-post-elements-readmore-btn\">\/\/\/ Lire<\/a><\/div>\n                    <\/div><div class=\"eael-entry-footer\"><div class=\"eael-entry-meta\"><span class=\"eael-posted-on\"><time datetime=\"17 December 2022\">17 December 2022<\/time><\/span><\/div><\/div><\/div><\/div>\n        <\/div>\n    <\/article><\/div>\n            <div class=\"clearfix\"><\/div>\n        <\/div>\t\t<\/div>\n\t\t\t\t<\/div>\n\t\t\t\t\t<\/div>\n\t\t<\/div>\n\t\t\t\t\t<\/div>\n\t\t<\/section>\n\t\t\t\t<section class=\"elementor-section elementor-top-section elementor-element elementor-element-633f2cc elementor-section-boxed elementor-section-height-default elementor-section-height-default\" data-id=\"633f2cc\" data-element_type=\"section\">\n\t\t\t\t\t\t<div class=\"elementor-container elementor-column-gap-default\">\n\t\t\t\t\t<div class=\"elementor-column elementor-col-100 elementor-top-column elementor-element elementor-element-84bab51\" data-id=\"84bab51\" data-element_type=\"column\">\n\t\t\t<div class=\"elementor-widget-wrap elementor-element-populated\">\n\t\t\t\t\t\t<div class=\"elementor-element elementor-element-ddf97bc elementor-widget elementor-widget-spacer\" data-id=\"ddf97bc\" data-element_type=\"widget\" data-widget_type=\"spacer.default\">\n\t\t\t\t<div class=\"elementor-widget-container\">\n\t\t\t\t\t<div class=\"elementor-spacer\">\n\t\t\t<div class=\"elementor-spacer-inner\"><\/div>\n\t\t<\/div>\n\t\t\t\t<\/div>\n\t\t\t\t<\/div>\n\t\t\t\t\t<\/div>\n\t\t<\/div>\n\t\t\t\t\t<\/div>\n\t\t<\/section>\n\t\t\t\t<\/div>\n\t\t","protected":false},"excerpt":{"rendered":"<p>Nous avons \u00e9cout\u00e9 les chants des  astres, des oiseaux, des baleines, lu des \u00e9crits de scientifiques, rassembl\u00e9 des documentations tr\u00e8s diverses.<\/p>\n","protected":false},"author":1,"featured_media":0,"parent":0,"menu_order":0,"comment_status":"closed","ping_status":"closed","template":"elementor_header_footer","meta":{"site-sidebar-layout":"default","site-content-layout":"default","ast-global-header-display":"","ast-banner-title-visibility":"","ast-main-header-display":"","ast-hfb-above-header-display":"","ast-hfb-below-header-display":"","ast-hfb-mobile-header-display":"","site-post-title":"","ast-breadcrumbs-content":"","ast-featured-img":"","footer-sml-layout":"","theme-transparent-header-meta":"","adv-header-id-meta":"","stick-header-meta":"","header-above-stick-meta":"","header-main-stick-meta":"","header-below-stick-meta":""},"_links":{"self":[{"href":"https:\/\/etreshumainsprofessionnels.fr\/index.php\/wp-json\/wp\/v2\/pages\/2763"}],"collection":[{"href":"https:\/\/etreshumainsprofessionnels.fr\/index.php\/wp-json\/wp\/v2\/pages"}],"about":[{"href":"https:\/\/etreshumainsprofessionnels.fr\/index.php\/wp-json\/wp\/v2\/types\/page"}],"author":[{"embeddable":true,"href":"https:\/\/etreshumainsprofessionnels.fr\/index.php\/wp-json\/wp\/v2\/users\/1"}],"replies":[{"embeddable":true,"href":"https:\/\/etreshumainsprofessionnels.fr\/index.php\/wp-json\/wp\/v2\/comments?post=2763"}],"version-history":[{"count":9,"href":"https:\/\/etreshumainsprofessionnels.fr\/index.php\/wp-json\/wp\/v2\/pages\/2763\/revisions"}],"predecessor-version":[{"id":2867,"href":"https:\/\/etreshumainsprofessionnels.fr\/index.php\/wp-json\/wp\/v2\/pages\/2763\/revisions\/2867"}],"wp:attachment":[{"href":"https:\/\/etreshumainsprofessionnels.fr\/index.php\/wp-json\/wp\/v2\/media?parent=2763"}],"curies":[{"name":"wp","href":"https:\/\/api.w.org\/{rel}","templated":true}]}}

<div data-elementor-type="wp-post" data-elementor-id="2763" class="elementor elementor-2763">
						<section class="elementor-section elementor-top-section elementor-element elementor-element-c9fcdff elementor-section-boxed elementor-section-height-default elementor-section-height-default" data-id="c9fcdff" data-element_type="section">
						<div class="elementor-container elementor-column-gap-default">
					<div class="elementor-column elementor-col-100 elementor-top-column elementor-element elementor-element-2954432" data-id="2954432" data-element_type="column">
			<div class="elementor-widget-wrap elementor-element-populated">
						<div class="elementor-element elementor-element-5726f30 elementor-widget elementor-widget-spacer" data-id="5726f30" data-element_type="widget" data-widget_type="spacer.default">
				<div class="elementor-widget-container">
					<div class="elementor-spacer">
			<div class="elementor-spacer-inner"></div>
		</div>
				</div>
				</div>
					</div>
		</div>
					</div>
		</section>
				<section class="elementor-section elementor-top-section elementor-element elementor-element-ebb5509 elementor-section-boxed elementor-section-height-default elementor-section-height-default" data-id="ebb5509" data-element_type="section">
						<div class="elementor-container elementor-column-gap-default">
					<div class="elementor-column elementor-col-66 elementor-top-column elementor-element elementor-element-405b262" data-id="405b262" data-element_type="column" data-settings="{&quot;background_background&quot;:&quot;classic&quot;}">
			<div class="elementor-widget-wrap elementor-element-populated">
						<div class="elementor-element elementor-element-8e15683 elementor-widget elementor-widget-heading" data-id="8e15683" data-element_type="widget" data-widget_type="heading.default">
				<div class="elementor-widget-container">
			<h2 class="elementor-heading-title elementor-size-large">D'autres actions</h2>		</div>
				</div>
					</div>
		</div>
				<div class="elementor-column elementor-col-33 elementor-top-column elementor-element elementor-element-7102a94" data-id="7102a94" data-element_type="column">
			<div class="elementor-widget-wrap elementor-element-populated">
						<div class="elementor-element elementor-element-6ad913f elementor-widget elementor-widget-text-editor" data-id="6ad913f" data-element_type="widget" data-widget_type="text-editor.default">
				<div class="elementor-widget-container">
							<p> </p><p> </p><p> </p><p> </p><p> </p><p> </p>						</div>
				</div>
					</div>
		</div>
					</div>
		</section>
				<section class="elementor-section elementor-top-section elementor-element elementor-element-0967b78 elementor-section-boxed elementor-section-height-default elementor-section-height-default" data-id="0967b78" data-element_type="section">
						<div class="elementor-container elementor-column-gap-default">
					<div class="elementor-column elementor-col-100 elementor-top-column elementor-element elementor-element-460f9e9" data-id="460f9e9" data-element_type="column">
			<div class="elementor-widget-wrap elementor-element-populated">
						<div class="elementor-element elementor-element-02971bb elementor-grid-eael-col-4 elementor-grid-tablet-eael-col-2 elementor-grid-mobile-eael-col-1 elementor-widget elementor-widget-eael-post-grid" data-id="02971bb" data-element_type="widget" data-settings="{&quot;eael_post_grid_columns&quot;:&quot;eael-col-4&quot;,&quot;eael_post_grid_columns_tablet&quot;:&quot;eael-col-2&quot;,&quot;eael_post_grid_columns_mobile&quot;:&quot;eael-col-1&quot;}" data-widget_type="eael-post-grid.default">
				<div class="elementor-widget-container">
			<div id="eael-post-grid-02971bb" class="eael-post-grid-container">
            <div class="eael-post-grid eael-post-appender eael-post-appender-02971bb eael-post-grid-style-one" data-layout-mode="masonry"><article class="eael-grid-post eael-post-grid-column" data-id="2461">
        <div class="eael-grid-post-holder">
            <div class="eael-grid-post-holder-inner"><div class="eael-entry-media"><ul class="post-carousel-categories"><li><a href="https://etreshumainsprofessionnels.fr/index.php/tag/saison-2022-2023/">saison 2022-2023</a></li></ul><div class="eael-entry-overlay fade-in"><i class="fas fa-long-arrow-alt-right" aria-hidden="true"></i><a href="https://etreshumainsprofessionnels.fr/index.php/2023/03/19/flying-piano-a-la-redoute/"></a></div><div class="eael-entry-thumbnail eael-image-ratio">
                <img fetchpriority="high" decoding="async" width="300" height="225" src="https://etreshumainsprofessionnels.fr/wp-content/uploads/2023/05/1685001432118-300x225.jpg" class="attachment-medium size-medium wp-image-2468" alt="" srcset="https://etreshumainsprofessionnels.fr/wp-content/uploads/2023/05/1685001432118-300x225.jpg 300w, https://etreshumainsprofessionnels.fr/wp-content/uploads/2023/05/1685001432118-1024x768.jpg 1024w, https://etreshumainsprofessionnels.fr/wp-content/uploads/2023/05/1685001432118-768x576.jpg 768w, https://etreshumainsprofessionnels.fr/wp-content/uploads/2023/05/1685001432118-1536x1153.jpg 1536w, https://etreshumainsprofessionnels.fr/wp-content/uploads/2023/05/1685001432118.jpg 1599w" sizes="(max-width: 300px) 100vw, 300px" />
            </div>
        </div><div class="eael-entry-wrapper"><header class="eael-entry-header"><h5 class="eael-entry-title"><a class="eael-grid-post-link" href="https://etreshumainsprofessionnels.fr/index.php/2023/03/19/flying-piano-a-la-redoute/" title="Flying piano à La Redoute">Flying piano à La Redoute</a></h5></header><div class="eael-entry-content">
                        <div class="eael-grid-post-excerpt"><p>Faire du piano un instrument pour toutes et tous ! Fabio Zindaco invité par les Êtres humains professionnels pour composer collectivement et accorder son piano...</p><a href="https://etreshumainsprofessionnels.fr/index.php/2023/03/19/flying-piano-a-la-redoute/" class="eael-post-elements-readmore-btn">/// Lire</a></div>
                    </div><div class="eael-entry-footer"><div class="eael-entry-meta"><span class="eael-posted-on"><time datetime="19 March 2023">19 March 2023</time></span></div></div></div></div>
        </div>
    </article><article class="eael-grid-post eael-post-grid-column" data-id="2476">
        <div class="eael-grid-post-holder">
            <div class="eael-grid-post-holder-inner"><div class="eael-entry-media"><ul class="post-carousel-categories"><li><a href="https://etreshumainsprofessionnels.fr/index.php/tag/saison-2022-2023/">saison 2022-2023</a></li></ul><div class="eael-entry-overlay fade-in"><i class="fas fa-long-arrow-alt-right" aria-hidden="true"></i><a href="https://etreshumainsprofessionnels.fr/index.php/2022/12/17/fete-de-levs-de-la-redoute/"></a></div><div class="eael-entry-thumbnail eael-image-ratio">
                <img decoding="async" width="300" height="225" src="https://etreshumainsprofessionnels.fr/wp-content/uploads/2023/05/1685004509323-300x225.jpg" class="attachment-medium size-medium wp-image-2488" alt="" srcset="https://etreshumainsprofessionnels.fr/wp-content/uploads/2023/05/1685004509323-300x225.jpg 300w, https://etreshumainsprofessionnels.fr/wp-content/uploads/2023/05/1685004509323-768x576.jpg 768w, https://etreshumainsprofessionnels.fr/wp-content/uploads/2023/05/1685004509323.jpg 1024w" sizes="(max-width: 300px) 100vw, 300px" />
            </div>
        </div><div class="eael-entry-wrapper"><header class="eael-entry-header"><h5 class="eael-entry-title"><a class="eael-grid-post-link" href="https://etreshumainsprofessionnels.fr/index.php/2022/12/17/fete-de-levs-de-la-redoute/" title="Fête de l&#8217;EVS de La Redoute">Fête de l&#8217;EVS de La Redoute</a></h5></header><div class="eael-entry-content">
                        <div class="eael-grid-post-excerpt"><p>Retour en images sur le festival des Cabanes qui s'est déroulé cet été.</p><a href="https://etreshumainsprofessionnels.fr/index.php/2022/12/17/fete-de-levs-de-la-redoute/" class="eael-post-elements-readmore-btn">/// Lire</a></div>
                    </div><div class="eael-entry-footer"><div class="eael-entry-meta"><span class="eael-posted-on"><time datetime="17 December 2022">17 December 2022</time></span></div></div></div></div>
        </div>
    </article></div>
            <div class="clearfix"></div>
        </div>		</div>
				</div>
					</div>
		</div>
					</div>
		</section>
				<section class="elementor-section elementor-top-section elementor-element elementor-element-633f2cc elementor-section-boxed elementor-section-height-default elementor-section-height-default" data-id="633f2cc" data-element_type="section">
						<div class="elementor-container elementor-column-gap-default">
					<div class="elementor-column elementor-col-100 elementor-top-column elementor-element elementor-element-84bab51" data-id="84bab51" data-element_type="column">
			<div class="elementor-widget-wrap elementor-element-populated">
						<div class="elementor-element elementor-element-ddf97bc elementor-widget elementor-widget-spacer" data-id="ddf97bc" data-element_type="widget" data-widget_type="spacer.default">
				<div class="elementor-widget-container">
					<div class="elementor-spacer">
			<div class="elementor-spacer-inner"></div>
		</div>
				</div>
				</div>
					</div>
		</div>
					</div>
		</section>
				</div>

<p>Nous avons écouté les chants des  astres, des oiseaux, des baleines, lu des écrits de scientifiques, rassemblé des documentations très diverses.</p>
