{"id":153,"date":"2017-11-01T13:05:37","date_gmt":"2017-11-01T12:05:37","guid":{"rendered":"http:\/\/etreshumainsprofessionnels.fr\/?page_id=153"},"modified":"2023-06-21T14:19:56","modified_gmt":"2023-06-21T12:19:56","slug":"contact-adhesion","status":"publish","type":"page","link":"https:\/\/etreshumainsprofessionnels.fr\/index.php\/contact-adhesion\/","title":{"rendered":"Contact \/ adh\u00e9sion"},"content":{"rendered":"\t\t<div data-elementor-type=\"wp-page\" data-elementor-id=\"153\" class=\"elementor elementor-153\">\n\t\t\t\t\t\t<section class=\"elementor-section elementor-top-section elementor-element elementor-element-cd731f9 elementor-section-boxed elementor-section-height-default elementor-section-height-default\" data-id=\"cd731f9\" data-element_type=\"section\">\n\t\t\t\t\t\t<div class=\"elementor-container elementor-column-gap-default\">\n\t\t\t\t\t<div class=\"elementor-column elementor-col-100 elementor-top-column elementor-element elementor-element-c94773f\" data-id=\"c94773f\" data-element_type=\"column\">\n\t\t\t<div class=\"elementor-widget-wrap elementor-element-populated\">\n\t\t\t\t\t\t<div class=\"elementor-element elementor-element-87717ad elementor-widget elementor-widget-spacer\" data-id=\"87717ad\" data-element_type=\"widget\" data-widget_type=\"spacer.default\">\n\t\t\t\t<div class=\"elementor-widget-container\">\n\t\t\t\t\t<div class=\"elementor-spacer\">\n\t\t\t<div class=\"elementor-spacer-inner\"><\/div>\n\t\t<\/div>\n\t\t\t\t<\/div>\n\t\t\t\t<\/div>\n\t\t\t\t\t<\/div>\n\t\t<\/div>\n\t\t\t\t\t<\/div>\n\t\t<\/section>\n\t\t\t\t<section class=\"elementor-section elementor-top-section elementor-element elementor-element-35c3dff elementor-section-boxed elementor-section-height-default elementor-section-height-default\" data-id=\"35c3dff\" data-element_type=\"section\">\n\t\t\t\t\t\t<div class=\"elementor-container elementor-column-gap-default\">\n\t\t\t\t\t<div class=\"elementor-column elementor-col-66 elementor-top-column elementor-element elementor-element-61af2b6\" data-id=\"61af2b6\" data-element_type=\"column\">\n\t\t\t<div class=\"elementor-widget-wrap elementor-element-populated\">\n\t\t\t\t\t\t<div class=\"elementor-element elementor-element-4617142 elementor-widget elementor-widget-heading\" data-id=\"4617142\" data-element_type=\"widget\" data-widget_type=\"heading.default\">\n\t\t\t\t<div class=\"elementor-widget-container\">\n\t\t\t<h2 class=\"elementor-heading-title elementor-size-default\">Adh\u00e9rer<\/h2>\t\t<\/div>\n\t\t\t\t<\/div>\n\t\t\t\t<div class=\"elementor-element elementor-element-b7f820a elementor-widget elementor-widget-text-editor\" data-id=\"b7f820a\" data-element_type=\"widget\" data-widget_type=\"text-editor.default\">\n\t\t\t\t<div class=\"elementor-widget-container\">\n\t\t\t\t\t\t\t<p>Pour adh\u00e9rer, remplissez le bulletin d&#8217;adh\u00e9sion.\u00a0<br \/>Nous vous enverrons le re\u00e7u et une carte de membre.<br \/>Ci-dessous, un peu d&#8217;explications.<\/p><p><strong><a href=\"http:\/\/etreshumainsprofessionnels.fr\/wp-content\/uploads\/2018\/09\/EHP_bulletinadhesion.docx\">\/\/\/ T\u00e9l\u00e9charger le bulletin d&#8217;adh\u00e9sion<\/a><\/strong><\/p>\t\t\t\t\t\t<\/div>\n\t\t\t\t<\/div>\n\t\t\t\t\t<\/div>\n\t\t<\/div>\n\t\t\t\t<div class=\"elementor-column elementor-col-33 elementor-top-column elementor-element elementor-element-caf4b55\" data-id=\"caf4b55\" data-element_type=\"column\" data-settings=\"{&quot;background_background&quot;:&quot;classic&quot;}\">\n\t\t\t<div class=\"elementor-widget-wrap elementor-element-populated\">\n\t\t\t\t\t\t<div class=\"elementor-element elementor-element-30f6982 elementor-widget elementor-widget-heading\" data-id=\"30f6982\" data-element_type=\"widget\" data-widget_type=\"heading.default\">\n\t\t\t\t<div class=\"elementor-widget-container\">\n\t\t\t<h2 class=\"elementor-heading-title elementor-size-default\">Nous contacter<\/h2>\t\t<\/div>\n\t\t\t\t<\/div>\n\t\t\t\t\t<\/div>\n\t\t<\/div>\n\t\t\t\t\t<\/div>\n\t\t<\/section>\n\t\t\t\t<section class=\"elementor-section elementor-top-section elementor-element elementor-element-6a01f31 elementor-section-boxed elementor-section-height-default elementor-section-height-default\" data-id=\"6a01f31\" data-element_type=\"section\">\n\t\t\t\t\t\t<div class=\"elementor-container elementor-column-gap-default\">\n\t\t\t\t\t<div class=\"elementor-column elementor-col-100 elementor-top-column elementor-element elementor-element-dbdd00c\" data-id=\"dbdd00c\" data-element_type=\"column\" data-settings=\"{&quot;background_background&quot;:&quot;classic&quot;}\">\n\t\t\t<div class=\"elementor-widget-wrap elementor-element-populated\">\n\t\t\t\t\t\t<div class=\"elementor-element elementor-element-f786116 elementor-widget elementor-widget-text-editor\" data-id=\"f786116\" data-element_type=\"widget\" data-widget_type=\"text-editor.default\">\n\t\t\t\t<div class=\"elementor-widget-container\">\n\t\t\t\t\t\t\t<p>Certaines personnes souhaitent manifester leur soutien \u00e0 notre action en adh\u00e9rant \u00e0 l&#8217;association.<br \/>Nous les remercions, c&#8217;est un v\u00e9ritable encouragement.<\/p><p>Si vous souhaitez adh\u00e9rer, voici quelques informations :<\/p><p>Les membres peuvent \u00eatre des personnes physiques ou morales :<br \/>&#8211; Individus, individues de tous \u00e2ges. Femmes hommes, gar\u00e7ons et filles, et celles et ceux qui estiment appartenir \u00e0 plusieurs de ces cat\u00e9gories, ou \u00e0 d&#8217;autres cat\u00e9gories.<br \/>&#8211; Municipalit\u00e9s, entreprises, collectivit\u00e9s territoriales, structures institutionnelles ou associatives&#8230; L&#8217;adh\u00e9sion des personnes morales permet de perenniser une r\u00e9flexion commune et s\u00e9curise le mod\u00e8le \u00e9conomique de l&#8217;association.<\/p><p>L&#8217;adh\u00e9sion est valable trois ans.\u00a0Certains membres choisissent de renouveler annuellement leur soutien. Mais Les Etres Humains Professionnels ne sollicitent \u00e0 nouveau leur membres qu&#8217;au bout de trois ann\u00e9es.<\/p><p>L&#8217;adh\u00e9sion est \u00e0 prix libre. Aucun montant minimum n&#8217;est fix\u00e9. Ce principe est valable pour les personnes physiques comme pour les personnes morales.<br \/>Un ou une membre peut donc adh\u00e9rer pour un montant de 1 euro.<\/p><p>A l&#8217;inverse, une personne physique ou morale peut choisir de soutenir financi\u00e8rement l&#8217;association en engageant une somme qui permettent de stabiliser notre budget de fonctionnement, ou de d\u00e9velopper une action particuli\u00e8re.<\/p><p>A titre indicatif, le statut de membre bienfaiteur est \u00e9tabli \u00e0 partir de 50 euros, celui de membre soutien \u00e0 partir de 350 euros.<\/p>\t\t\t\t\t\t<\/div>\n\t\t\t\t<\/div>\n\t\t\t\t\t<\/div>\n\t\t<\/div>\n\t\t\t\t\t<\/div>\n\t\t<\/section>\n\t\t\t\t<section class=\"elementor-section elementor-top-section elementor-element elementor-element-cdf2838 elementor-section-boxed elementor-section-height-default elementor-section-height-default\" data-id=\"cdf2838\" data-element_type=\"section\">\n\t\t\t\t\t\t<div class=\"elementor-container elementor-column-gap-default\">\n\t\t\t\t\t<div class=\"elementor-column elementor-col-100 elementor-top-column elementor-element elementor-element-fe8721e\" data-id=\"fe8721e\" data-element_type=\"column\">\n\t\t\t<div class=\"elementor-widget-wrap elementor-element-populated\">\n\t\t\t\t\t\t<div class=\"elementor-element elementor-element-6beaa3f elementor-widget elementor-widget-text-editor\" data-id=\"6beaa3f\" data-element_type=\"widget\" data-widget_type=\"text-editor.default\">\n\t\t\t\t<div class=\"elementor-widget-container\">\n\t\t\t\t\t\t\t<p>Les \u00eatres humains professionnels<br \/>Association Loi 1901<\/p><p><strong>Si\u00e8ge social:<\/strong> 34 rue Alfred de Musset<br \/>94120 Fontenay-sous-Bois<\/p>\t\t\t\t\t\t<\/div>\n\t\t\t\t<\/div>\n\t\t\t\t\t<\/div>\n\t\t<\/div>\n\t\t\t\t\t<\/div>\n\t\t<\/section>\n\t\t\t\t<\/div>\n\t\t","protected":false},"excerpt":{"rendered":"<p>Adh\u00e9rer Pour adh\u00e9rer, remplissez le bulletin d&#8217;adh\u00e9sion.\u00a0Nous vous enverrons le re\u00e7u et une carte de membre.Ci-dessous, un peu d&#8217;explications. \/\/\/ T\u00e9l\u00e9charger le bulletin d&#8217;adh\u00e9sion Nous contacter Certaines personnes souhaitent manifester leur soutien \u00e0 notre action en adh\u00e9rant \u00e0 l&#8217;association.Nous les remercions, c&#8217;est un v\u00e9ritable encouragement. Si vous souhaitez adh\u00e9rer, voici quelques informations : Les membres &hellip;<\/p>\n<p class=\"read-more\"> <a class=\"\" href=\"https:\/\/etreshumainsprofessionnels.fr\/index.php\/contact-adhesion\/\"> <span class=\"screen-reader-text\">Contact \/ adh\u00e9sion<\/span> Read More &raquo;<\/a><\/p>\n","protected":false},"author":1,"featured_media":0,"parent":0,"menu_order":0,"comment_status":"closed","ping_status":"closed","template":"elementor_header_footer","meta":{"site-sidebar-layout":"default","site-content-layout":"default","ast-global-header-display":"","ast-banner-title-visibility":"","ast-main-header-display":"","ast-hfb-above-header-display":"","ast-hfb-below-header-display":"","ast-hfb-mobile-header-display":"","site-post-title":"","ast-breadcrumbs-content":"","ast-featured-img":"","footer-sml-layout":"","theme-transparent-header-meta":"","adv-header-id-meta":"","stick-header-meta":"","header-above-stick-meta":"","header-main-stick-meta":"","header-below-stick-meta":""},"_links":{"self":[{"href":"https:\/\/etreshumainsprofessionnels.fr\/index.php\/wp-json\/wp\/v2\/pages\/153"}],"collection":[{"href":"https:\/\/etreshumainsprofessionnels.fr\/index.php\/wp-json\/wp\/v2\/pages"}],"about":[{"href":"https:\/\/etreshumainsprofessionnels.fr\/index.php\/wp-json\/wp\/v2\/types\/page"}],"author":[{"embeddable":true,"href":"https:\/\/etreshumainsprofessionnels.fr\/index.php\/wp-json\/wp\/v2\/users\/1"}],"replies":[{"embeddable":true,"href":"https:\/\/etreshumainsprofessionnels.fr\/index.php\/wp-json\/wp\/v2\/comments?post=153"}],"version-history":[{"count":40,"href":"https:\/\/etreshumainsprofessionnels.fr\/index.php\/wp-json\/wp\/v2\/pages\/153\/revisions"}],"predecessor-version":[{"id":2619,"href":"https:\/\/etreshumainsprofessionnels.fr\/index.php\/wp-json\/wp\/v2\/pages\/153\/revisions\/2619"}],"wp:attachment":[{"href":"https:\/\/etreshumainsprofessionnels.fr\/index.php\/wp-json\/wp\/v2\/media?parent=153"}],"curies":[{"name":"wp","href":"https:\/\/api.w.org\/{rel}","templated":true}]}}

Contact / adhésion

<div data-elementor-type="wp-page" data-elementor-id="153" class="elementor elementor-153">
						<section class="elementor-section elementor-top-section elementor-element elementor-element-cd731f9 elementor-section-boxed elementor-section-height-default elementor-section-height-default" data-id="cd731f9" data-element_type="section">
						<div class="elementor-container elementor-column-gap-default">
					<div class="elementor-column elementor-col-100 elementor-top-column elementor-element elementor-element-c94773f" data-id="c94773f" data-element_type="column">
			<div class="elementor-widget-wrap elementor-element-populated">
						<div class="elementor-element elementor-element-87717ad elementor-widget elementor-widget-spacer" data-id="87717ad" data-element_type="widget" data-widget_type="spacer.default">
				<div class="elementor-widget-container">
					<div class="elementor-spacer">
			<div class="elementor-spacer-inner"></div>
		</div>
				</div>
				</div>
					</div>
		</div>
					</div>
		</section>
				<section class="elementor-section elementor-top-section elementor-element elementor-element-35c3dff elementor-section-boxed elementor-section-height-default elementor-section-height-default" data-id="35c3dff" data-element_type="section">
						<div class="elementor-container elementor-column-gap-default">
					<div class="elementor-column elementor-col-66 elementor-top-column elementor-element elementor-element-61af2b6" data-id="61af2b6" data-element_type="column">
			<div class="elementor-widget-wrap elementor-element-populated">
						<div class="elementor-element elementor-element-4617142 elementor-widget elementor-widget-heading" data-id="4617142" data-element_type="widget" data-widget_type="heading.default">
				<div class="elementor-widget-container">
			<h2 class="elementor-heading-title elementor-size-default">Adhérer</h2>		</div>
				</div>
				<div class="elementor-element elementor-element-b7f820a elementor-widget elementor-widget-text-editor" data-id="b7f820a" data-element_type="widget" data-widget_type="text-editor.default">
				<div class="elementor-widget-container">
							<p>Pour adhérer, remplissez le bulletin d&#8217;adhésion. <br />Nous vous enverrons le reçu et une carte de membre.<br />Ci-dessous, un peu d&#8217;explications.</p><p><strong><a href="http://etreshumainsprofessionnels.fr/wp-content/uploads/2018/09/EHP_bulletinadhesion.docx">/// Télécharger le bulletin d&#8217;adhésion</a></strong></p>						</div>
				</div>
					</div>
		</div>
				<div class="elementor-column elementor-col-33 elementor-top-column elementor-element elementor-element-caf4b55" data-id="caf4b55" data-element_type="column" data-settings="{&quot;background_background&quot;:&quot;classic&quot;}">
			<div class="elementor-widget-wrap elementor-element-populated">
						<div class="elementor-element elementor-element-30f6982 elementor-widget elementor-widget-heading" data-id="30f6982" data-element_type="widget" data-widget_type="heading.default">
				<div class="elementor-widget-container">
			<h2 class="elementor-heading-title elementor-size-default">Nous contacter</h2>		</div>
				</div>
					</div>
		</div>
					</div>
		</section>
				<section class="elementor-section elementor-top-section elementor-element elementor-element-6a01f31 elementor-section-boxed elementor-section-height-default elementor-section-height-default" data-id="6a01f31" data-element_type="section">
						<div class="elementor-container elementor-column-gap-default">
					<div class="elementor-column elementor-col-100 elementor-top-column elementor-element elementor-element-dbdd00c" data-id="dbdd00c" data-element_type="column" data-settings="{&quot;background_background&quot;:&quot;classic&quot;}">
			<div class="elementor-widget-wrap elementor-element-populated">
						<div class="elementor-element elementor-element-f786116 elementor-widget elementor-widget-text-editor" data-id="f786116" data-element_type="widget" data-widget_type="text-editor.default">
				<div class="elementor-widget-container">
							<p>Certaines personnes souhaitent manifester leur soutien à notre action en adhérant à l&#8217;association.<br />Nous les remercions, c&#8217;est un véritable encouragement.</p><p>Si vous souhaitez adhérer, voici quelques informations :</p><p>Les membres peuvent être des personnes physiques ou morales :<br />&#8211; Individus, individues de tous âges. Femmes hommes, garçons et filles, et celles et ceux qui estiment appartenir à plusieurs de ces catégories, ou à d&#8217;autres catégories.<br />&#8211; Municipalités, entreprises, collectivités territoriales, structures institutionnelles ou associatives&#8230; L&#8217;adhésion des personnes morales permet de perenniser une réflexion commune et sécurise le modèle économique de l&#8217;association.</p><p>L&#8217;adhésion est valable trois ans. Certains membres choisissent de renouveler annuellement leur soutien. Mais Les Etres Humains Professionnels ne sollicitent à nouveau leur membres qu&#8217;au bout de trois années.</p><p>L&#8217;adhésion est à prix libre. Aucun montant minimum n&#8217;est fixé. Ce principe est valable pour les personnes physiques comme pour les personnes morales.<br />Un ou une membre peut donc adhérer pour un montant de 1 euro.</p><p>A l&#8217;inverse, une personne physique ou morale peut choisir de soutenir financièrement l&#8217;association en engageant une somme qui permettent de stabiliser notre budget de fonctionnement, ou de développer une action particulière.</p><p>A titre indicatif, le statut de membre bienfaiteur est établi à partir de 50 euros, celui de membre soutien à partir de 350 euros.</p>						</div>
				</div>
					</div>
		</div>
					</div>
		</section>
				<section class="elementor-section elementor-top-section elementor-element elementor-element-cdf2838 elementor-section-boxed elementor-section-height-default elementor-section-height-default" data-id="cdf2838" data-element_type="section">
						<div class="elementor-container elementor-column-gap-default">
					<div class="elementor-column elementor-col-100 elementor-top-column elementor-element elementor-element-fe8721e" data-id="fe8721e" data-element_type="column">
			<div class="elementor-widget-wrap elementor-element-populated">
						<div class="elementor-element elementor-element-6beaa3f elementor-widget elementor-widget-text-editor" data-id="6beaa3f" data-element_type="widget" data-widget_type="text-editor.default">
				<div class="elementor-widget-container">
							<p>Les êtres humains professionnels<br />Association Loi 1901</p><p><strong>Siège social:</strong> 34 rue Alfred de Musset<br />94120 Fontenay-sous-Bois</p>						</div>
				</div>
					</div>
		</div>
					</div>
		</section>
				</div>

<p>Adhérer Pour adhérer, remplissez le bulletin d&#8217;adhésion. Nous vous enverrons le reçu et une carte de membre.Ci-dessous, un peu d&#8217;explications. /// Télécharger le bulletin d&#8217;adhésion Nous contacter Certaines personnes souhaitent manifester leur soutien à notre action en adhérant à l&#8217;association.Nous les remercions, c&#8217;est un véritable encouragement. Si vous souhaitez adhérer, voici quelques informations : Les membres &hellip;</p>
<p class="read-more"> <a class="" href="https://etreshumainsprofessionnels.fr/index.php/contact-adhesion/"> <span class="screen-reader-text">Contact / adhésion</span> Read More &raquo;</a></p>
