{"id":1414,"date":"2021-02-12T20:14:19","date_gmt":"2021-02-12T19:14:19","guid":{"rendered":"http:\/\/etreshumainsprofessionnels.fr\/?page_id=1414"},"modified":"2023-10-07T11:26:46","modified_gmt":"2023-10-07T09:26:46","slug":"espace-public","status":"publish","type":"page","link":"https:\/\/etreshumainsprofessionnels.fr\/index.php\/espace-public\/","title":{"rendered":"Espace public"},"content":{"rendered":"\t\t<div data-elementor-type=\"wp-post\" data-elementor-id=\"1414\" class=\"elementor elementor-1414\">\n\t\t\t\t\t\t<section class=\"elementor-section elementor-top-section elementor-element elementor-element-ef01219 elementor-section-boxed elementor-section-height-default elementor-section-height-default\" data-id=\"ef01219\" data-element_type=\"section\">\n\t\t\t\t\t\t<div class=\"elementor-container elementor-column-gap-default\">\n\t\t\t\t\t<div class=\"elementor-column elementor-col-100 elementor-top-column elementor-element elementor-element-fd13651\" data-id=\"fd13651\" data-element_type=\"column\">\n\t\t\t<div class=\"elementor-widget-wrap elementor-element-populated\">\n\t\t\t\t\t\t<div class=\"elementor-element elementor-element-4bf8bf2 elementor-widget elementor-widget-spacer\" data-id=\"4bf8bf2\" data-element_type=\"widget\" data-widget_type=\"spacer.default\">\n\t\t\t\t<div class=\"elementor-widget-container\">\n\t\t\t\t\t<div class=\"elementor-spacer\">\n\t\t\t<div class=\"elementor-spacer-inner\"><\/div>\n\t\t<\/div>\n\t\t\t\t<\/div>\n\t\t\t\t<\/div>\n\t\t\t\t\t<\/div>\n\t\t<\/div>\n\t\t\t\t\t<\/div>\n\t\t<\/section>\n\t\t\t\t<section class=\"elementor-section elementor-top-section elementor-element elementor-element-9dfc17a elementor-section-boxed elementor-section-height-default elementor-section-height-default\" data-id=\"9dfc17a\" data-element_type=\"section\">\n\t\t\t\t\t\t<div class=\"elementor-container elementor-column-gap-default\">\n\t\t\t\t\t<div class=\"elementor-column elementor-col-100 elementor-top-column elementor-element elementor-element-db7727b\" data-id=\"db7727b\" data-element_type=\"column\">\n\t\t\t<div class=\"elementor-widget-wrap elementor-element-populated\">\n\t\t\t\t\t\t<div class=\"elementor-element elementor-element-217943c elementor-widget elementor-widget-heading\" data-id=\"217943c\" data-element_type=\"widget\" data-widget_type=\"heading.default\">\n\t\t\t\t<div class=\"elementor-widget-container\">\n\t\t\t<h2 class=\"elementor-heading-title elementor-size-default\">Que demande le peuple ?<\/h2>\t\t<\/div>\n\t\t\t\t<\/div>\n\t\t\t\t\t<\/div>\n\t\t<\/div>\n\t\t\t\t\t<\/div>\n\t\t<\/section>\n\t\t\t\t<section class=\"elementor-section elementor-top-section elementor-element elementor-element-2822a08 elementor-section-boxed elementor-section-height-default elementor-section-height-default\" data-id=\"2822a08\" data-element_type=\"section\">\n\t\t\t\t\t\t<div class=\"elementor-container elementor-column-gap-default\">\n\t\t\t\t\t<div class=\"elementor-column elementor-col-100 elementor-top-column elementor-element elementor-element-448fe06\" data-id=\"448fe06\" data-element_type=\"column\">\n\t\t\t<div class=\"elementor-widget-wrap elementor-element-populated\">\n\t\t\t\t\t\t<div class=\"elementor-element elementor-element-f02d431 eael-dual-header-content-align-left elementor-widget elementor-widget-eael-dual-color-header\" data-id=\"f02d431\" data-element_type=\"widget\" data-widget_type=\"eael-dual-color-header.default\">\n\t\t\t\t<div class=\"elementor-widget-container\">\n\t\t\t\t\t\t<div class=\"eael-dual-header\">\n\t\t\t\t<h2 class=\"title eael-dch-title\"><span class=\"eael-dch-title-text eael-dch-title-lead lead solid-color\">Espace public <\/span> <span class=\"eael-dch-title-text\">Un livre en pr\u00e9paration et un projet citoyen<\/span><\/h2>\t\t\t<\/div>\n\n\t\t\t\t<\/div>\n\t\t\t\t<\/div>\n\t\t\t\t\t<\/div>\n\t\t<\/div>\n\t\t\t\t\t<\/div>\n\t\t<\/section>\n\t\t\t\t<section class=\"elementor-section elementor-top-section elementor-element elementor-element-2d0f1ba elementor-section-boxed elementor-section-height-default elementor-section-height-default\" data-id=\"2d0f1ba\" data-element_type=\"section\">\n\t\t\t\t\t\t<div class=\"elementor-container elementor-column-gap-default\">\n\t\t\t\t\t<div class=\"elementor-column elementor-col-66 elementor-top-column elementor-element elementor-element-59b963d\" data-id=\"59b963d\" data-element_type=\"column\">\n\t\t\t<div class=\"elementor-widget-wrap elementor-element-populated\">\n\t\t\t\t\t\t<div class=\"elementor-element elementor-element-29992ba elementor-widget elementor-widget-text-editor\" data-id=\"29992ba\" data-element_type=\"widget\" data-widget_type=\"text-editor.default\">\n\t\t\t\t<div class=\"elementor-widget-container\">\n\t\t\t\t\t\t\t<p><strong>&#8220;Qu&#8217;est-ce que c&#8217;est? Un grognement? Quelqu&#8217;un \u00e0 terre.<br \/><\/strong><strong>Ce n&#8217;est pas moi. Ca ne peut pas \u00eatre moi&#8230;&#8221;<\/strong><\/p><p>Ainsi commence &#8220;Espace public&#8221;, livre de po\u00e8mes et de courts r\u00e9cits.<\/p><p>Michel Aymard explore l&#8217;espace urbain, o\u00f9 il vit quotidiennement. Paris, la r\u00e9gion parisienne. La rue, les transports, le retour chez lui et les traces que l&#8217;espace public laisse en nous. Des traces douloureuses. Des traces d&#8217;espoir parfois. Des traces d&#8217;amour.<\/p><p>Ces po\u00e8mes, ces r\u00e9cits, il compte en enregistrer des extraits avec des personnes qui n&#8217;ont pas l&#8217;habitude de lire \u00e0 voix haute, d&#8217;enregistrer, et qui ne vivent pas \u00e0 Paris\u00a0 mais dans des villages ou au bord de la mer, dans le sud de la France. Agde, Argel\u00e8s&#8230; Des plages connues des vacanciers. Des lieux de m\u00e9moire aussi. Des camps pour les r\u00e9gugi\u00e9s r\u00e9publicains espagnols \u00e9taient situ\u00e9s l\u00e0.<br \/>En France, le littoral nous appartient. Les plages sont publiques. La m\u00e9moire aussi. L&#8217;espace public, \u00e7a nous appartient.<\/p><p>Qu&#8217;\u00e9prouvons-nous en pr\u00e9sence des \u00e9glises de villages? Des traces de l&#8217;architecture romaine? Pourquoi prot\u00e9ger et classer des sites naturels?<\/p><p>Ce projet va s&#8217;\u00e9laborer avec plusieurs m\u00e9diath\u00e8ques de la r\u00e9gion Occitanie, le conservatoire du littoral, le mus\u00e9e de la romanit\u00e9 \u00e0 N\u00eemes.<\/p>\t\t\t\t\t\t<\/div>\n\t\t\t\t<\/div>\n\t\t\t\t\t<\/div>\n\t\t<\/div>\n\t\t\t\t<div class=\"elementor-column elementor-col-33 elementor-top-column elementor-element elementor-element-df73d98\" data-id=\"df73d98\" data-element_type=\"column\">\n\t\t\t<div class=\"elementor-widget-wrap elementor-element-populated\">\n\t\t\t\t\t\t<div class=\"elementor-element elementor-element-befea14 elementor-widget elementor-widget-image\" data-id=\"befea14\" data-element_type=\"widget\" data-widget_type=\"image.default\">\n\t\t\t\t<div class=\"elementor-widget-container\">\n\t\t\t\t\t\t\t\t\t\t\t\t\t<img fetchpriority=\"high\" decoding=\"async\" width=\"1024\" height=\"683\" src=\"https:\/\/etreshumainsprofessionnels.fr\/wp-content\/uploads\/2021\/02\/DSCF2551-1024x683.jpg\" class=\"attachment-large size-large wp-image-1505\" alt=\"\" srcset=\"https:\/\/etreshumainsprofessionnels.fr\/wp-content\/uploads\/2021\/02\/DSCF2551-1024x683.jpg 1024w, https:\/\/etreshumainsprofessionnels.fr\/wp-content\/uploads\/2021\/02\/DSCF2551-300x200.jpg 300w, https:\/\/etreshumainsprofessionnels.fr\/wp-content\/uploads\/2021\/02\/DSCF2551-768x512.jpg 768w, https:\/\/etreshumainsprofessionnels.fr\/wp-content\/uploads\/2021\/02\/DSCF2551-1536x1024.jpg 1536w, https:\/\/etreshumainsprofessionnels.fr\/wp-content\/uploads\/2021\/02\/DSCF2551-2048x1365.jpg 2048w, https:\/\/etreshumainsprofessionnels.fr\/wp-content\/uploads\/2021\/02\/DSCF2551-450x300.jpg 450w, https:\/\/etreshumainsprofessionnels.fr\/wp-content\/uploads\/2021\/02\/DSCF2551-900x600.jpg 900w\" sizes=\"(max-width: 1024px) 100vw, 1024px\" \/>\t\t\t\t\t\t\t\t\t\t\t\t\t<\/div>\n\t\t\t\t<\/div>\n\t\t\t\t<div class=\"elementor-element elementor-element-5925a40 elementor-widget elementor-widget-image\" data-id=\"5925a40\" data-element_type=\"widget\" data-widget_type=\"image.default\">\n\t\t\t\t<div class=\"elementor-widget-container\">\n\t\t\t\t\t\t\t\t\t\t\t\t\t<img decoding=\"async\" width=\"1024\" height=\"569\" src=\"https:\/\/etreshumainsprofessionnels.fr\/wp-content\/uploads\/2021\/02\/IMG_20180909_111806-1024x569.jpg\" class=\"attachment-large size-large wp-image-1597\" alt=\"\" srcset=\"https:\/\/etreshumainsprofessionnels.fr\/wp-content\/uploads\/2021\/02\/IMG_20180909_111806-1024x569.jpg 1024w, https:\/\/etreshumainsprofessionnels.fr\/wp-content\/uploads\/2021\/02\/IMG_20180909_111806-300x167.jpg 300w, https:\/\/etreshumainsprofessionnels.fr\/wp-content\/uploads\/2021\/02\/IMG_20180909_111806-768x427.jpg 768w, https:\/\/etreshumainsprofessionnels.fr\/wp-content\/uploads\/2021\/02\/IMG_20180909_111806-1536x853.jpg 1536w, https:\/\/etreshumainsprofessionnels.fr\/wp-content\/uploads\/2021\/02\/IMG_20180909_111806-2048x1138.jpg 2048w, https:\/\/etreshumainsprofessionnels.fr\/wp-content\/uploads\/2021\/02\/IMG_20180909_111806-450x250.jpg 450w, https:\/\/etreshumainsprofessionnels.fr\/wp-content\/uploads\/2021\/02\/IMG_20180909_111806-1080x600.jpg 1080w\" sizes=\"(max-width: 1024px) 100vw, 1024px\" \/>\t\t\t\t\t\t\t\t\t\t\t\t\t<\/div>\n\t\t\t\t<\/div>\n\t\t\t\t<div class=\"elementor-element elementor-element-2a2bffa elementor-widget elementor-widget-image\" data-id=\"2a2bffa\" data-element_type=\"widget\" data-widget_type=\"image.default\">\n\t\t\t\t<div class=\"elementor-widget-container\">\n\t\t\t\t\t\t\t\t\t\t\t\t\t<img decoding=\"async\" width=\"1024\" height=\"569\" src=\"https:\/\/etreshumainsprofessionnels.fr\/wp-content\/uploads\/2021\/02\/IMG_20180911_093522-1024x569.jpg\" class=\"attachment-large size-large wp-image-1598\" alt=\"\" srcset=\"https:\/\/etreshumainsprofessionnels.fr\/wp-content\/uploads\/2021\/02\/IMG_20180911_093522-1024x569.jpg 1024w, https:\/\/etreshumainsprofessionnels.fr\/wp-content\/uploads\/2021\/02\/IMG_20180911_093522-300x167.jpg 300w, https:\/\/etreshumainsprofessionnels.fr\/wp-content\/uploads\/2021\/02\/IMG_20180911_093522-768x427.jpg 768w, https:\/\/etreshumainsprofessionnels.fr\/wp-content\/uploads\/2021\/02\/IMG_20180911_093522-1536x853.jpg 1536w, https:\/\/etreshumainsprofessionnels.fr\/wp-content\/uploads\/2021\/02\/IMG_20180911_093522-2048x1138.jpg 2048w, https:\/\/etreshumainsprofessionnels.fr\/wp-content\/uploads\/2021\/02\/IMG_20180911_093522-450x250.jpg 450w, https:\/\/etreshumainsprofessionnels.fr\/wp-content\/uploads\/2021\/02\/IMG_20180911_093522-1080x600.jpg 1080w\" sizes=\"(max-width: 1024px) 100vw, 1024px\" \/>\t\t\t\t\t\t\t\t\t\t\t\t\t<\/div>\n\t\t\t\t<\/div>\n\t\t\t\t\t<\/div>\n\t\t<\/div>\n\t\t\t\t\t<\/div>\n\t\t<\/section>\n\t\t\t\t<\/div>\n\t\t","protected":false},"excerpt":{"rendered":"<p>Que demande le peuple ? Espace public Un livre en pr\u00e9paration et un projet citoyen &#8220;Qu&#8217;est-ce que c&#8217;est? Un grognement? Quelqu&#8217;un \u00e0 terre.Ce n&#8217;est pas moi. Ca ne peut pas \u00eatre moi&#8230;&#8221; Ainsi commence &#8220;Espace public&#8221;, livre de po\u00e8mes et de courts r\u00e9cits. Michel Aymard explore l&#8217;espace urbain, o\u00f9 il vit quotidiennement. Paris, la r\u00e9gion &hellip;<\/p>\n<p class=\"read-more\"> <a class=\"\" href=\"https:\/\/etreshumainsprofessionnels.fr\/index.php\/espace-public\/\"> <span class=\"screen-reader-text\">Espace public<\/span> Read More &raquo;<\/a><\/p>\n","protected":false},"author":1,"featured_media":0,"parent":0,"menu_order":0,"comment_status":"closed","ping_status":"closed","template":"elementor_header_footer","meta":{"site-sidebar-layout":"default","site-content-layout":"default","ast-global-header-display":"","ast-banner-title-visibility":"","ast-main-header-display":"","ast-hfb-above-header-display":"","ast-hfb-below-header-display":"","ast-hfb-mobile-header-display":"","site-post-title":"","ast-breadcrumbs-content":"","ast-featured-img":"","footer-sml-layout":"","theme-transparent-header-meta":"","adv-header-id-meta":"","stick-header-meta":"","header-above-stick-meta":"","header-main-stick-meta":"","header-below-stick-meta":""},"_links":{"self":[{"href":"https:\/\/etreshumainsprofessionnels.fr\/index.php\/wp-json\/wp\/v2\/pages\/1414"}],"collection":[{"href":"https:\/\/etreshumainsprofessionnels.fr\/index.php\/wp-json\/wp\/v2\/pages"}],"about":[{"href":"https:\/\/etreshumainsprofessionnels.fr\/index.php\/wp-json\/wp\/v2\/types\/page"}],"author":[{"embeddable":true,"href":"https:\/\/etreshumainsprofessionnels.fr\/index.php\/wp-json\/wp\/v2\/users\/1"}],"replies":[{"embeddable":true,"href":"https:\/\/etreshumainsprofessionnels.fr\/index.php\/wp-json\/wp\/v2\/comments?post=1414"}],"version-history":[{"count":31,"href":"https:\/\/etreshumainsprofessionnels.fr\/index.php\/wp-json\/wp\/v2\/pages\/1414\/revisions"}],"predecessor-version":[{"id":2870,"href":"https:\/\/etreshumainsprofessionnels.fr\/index.php\/wp-json\/wp\/v2\/pages\/1414\/revisions\/2870"}],"wp:attachment":[{"href":"https:\/\/etreshumainsprofessionnels.fr\/index.php\/wp-json\/wp\/v2\/media?parent=1414"}],"curies":[{"name":"wp","href":"https:\/\/api.w.org\/{rel}","templated":true}]}}

<div data-elementor-type="wp-post" data-elementor-id="1414" class="elementor elementor-1414">
						<section class="elementor-section elementor-top-section elementor-element elementor-element-ef01219 elementor-section-boxed elementor-section-height-default elementor-section-height-default" data-id="ef01219" data-element_type="section">
						<div class="elementor-container elementor-column-gap-default">
					<div class="elementor-column elementor-col-100 elementor-top-column elementor-element elementor-element-fd13651" data-id="fd13651" data-element_type="column">
			<div class="elementor-widget-wrap elementor-element-populated">
						<div class="elementor-element elementor-element-4bf8bf2 elementor-widget elementor-widget-spacer" data-id="4bf8bf2" data-element_type="widget" data-widget_type="spacer.default">
				<div class="elementor-widget-container">
					<div class="elementor-spacer">
			<div class="elementor-spacer-inner"></div>
		</div>
				</div>
				</div>
					</div>
		</div>
					</div>
		</section>
				<section class="elementor-section elementor-top-section elementor-element elementor-element-9dfc17a elementor-section-boxed elementor-section-height-default elementor-section-height-default" data-id="9dfc17a" data-element_type="section">
						<div class="elementor-container elementor-column-gap-default">
					<div class="elementor-column elementor-col-100 elementor-top-column elementor-element elementor-element-db7727b" data-id="db7727b" data-element_type="column">
			<div class="elementor-widget-wrap elementor-element-populated">
						<div class="elementor-element elementor-element-217943c elementor-widget elementor-widget-heading" data-id="217943c" data-element_type="widget" data-widget_type="heading.default">
				<div class="elementor-widget-container">
			<h2 class="elementor-heading-title elementor-size-default">Que demande le peuple ?</h2>		</div>
				</div>
					</div>
		</div>
					</div>
		</section>
				<section class="elementor-section elementor-top-section elementor-element elementor-element-2822a08 elementor-section-boxed elementor-section-height-default elementor-section-height-default" data-id="2822a08" data-element_type="section">
						<div class="elementor-container elementor-column-gap-default">
					<div class="elementor-column elementor-col-100 elementor-top-column elementor-element elementor-element-448fe06" data-id="448fe06" data-element_type="column">
			<div class="elementor-widget-wrap elementor-element-populated">
						<div class="elementor-element elementor-element-f02d431 eael-dual-header-content-align-left elementor-widget elementor-widget-eael-dual-color-header" data-id="f02d431" data-element_type="widget" data-widget_type="eael-dual-color-header.default">
				<div class="elementor-widget-container">
						<div class="eael-dual-header">
				<h2 class="title eael-dch-title"><span class="eael-dch-title-text eael-dch-title-lead lead solid-color">Espace public </span> <span class="eael-dch-title-text">Un livre en préparation et un projet citoyen</span></h2>			</div>

				</div>
				</div>
					</div>
		</div>
					</div>
		</section>
				<section class="elementor-section elementor-top-section elementor-element elementor-element-2d0f1ba elementor-section-boxed elementor-section-height-default elementor-section-height-default" data-id="2d0f1ba" data-element_type="section">
						<div class="elementor-container elementor-column-gap-default">
					<div class="elementor-column elementor-col-66 elementor-top-column elementor-element elementor-element-59b963d" data-id="59b963d" data-element_type="column">
			<div class="elementor-widget-wrap elementor-element-populated">
						<div class="elementor-element elementor-element-29992ba elementor-widget elementor-widget-text-editor" data-id="29992ba" data-element_type="widget" data-widget_type="text-editor.default">
				<div class="elementor-widget-container">
							<p><strong>&#8220;Qu&#8217;est-ce que c&#8217;est? Un grognement? Quelqu&#8217;un à terre.<br /></strong><strong>Ce n&#8217;est pas moi. Ca ne peut pas être moi&#8230;&#8221;</strong></p><p>Ainsi commence &#8220;Espace public&#8221;, livre de poèmes et de courts récits.</p><p>Michel Aymard explore l&#8217;espace urbain, où il vit quotidiennement. Paris, la région parisienne. La rue, les transports, le retour chez lui et les traces que l&#8217;espace public laisse en nous. Des traces douloureuses. Des traces d&#8217;espoir parfois. Des traces d&#8217;amour.</p><p>Ces poèmes, ces récits, il compte en enregistrer des extraits avec des personnes qui n&#8217;ont pas l&#8217;habitude de lire à voix haute, d&#8217;enregistrer, et qui ne vivent pas à Paris  mais dans des villages ou au bord de la mer, dans le sud de la France. Agde, Argelès&#8230; Des plages connues des vacanciers. Des lieux de mémoire aussi. Des camps pour les régugiés républicains espagnols étaient situés là.<br />En France, le littoral nous appartient. Les plages sont publiques. La mémoire aussi. L&#8217;espace public, ça nous appartient.</p><p>Qu&#8217;éprouvons-nous en présence des églises de villages? Des traces de l&#8217;architecture romaine? Pourquoi protéger et classer des sites naturels?</p><p>Ce projet va s&#8217;élaborer avec plusieurs médiathèques de la région Occitanie, le conservatoire du littoral, le musée de la romanité à Nîmes.</p>						</div>
				</div>
					</div>
		</div>
				<div class="elementor-column elementor-col-33 elementor-top-column elementor-element elementor-element-df73d98" data-id="df73d98" data-element_type="column">
			<div class="elementor-widget-wrap elementor-element-populated">
						<div class="elementor-element elementor-element-befea14 elementor-widget elementor-widget-image" data-id="befea14" data-element_type="widget" data-widget_type="image.default">
				<div class="elementor-widget-container">
													<img fetchpriority="high" decoding="async" width="1024" height="683" src="https://etreshumainsprofessionnels.fr/wp-content/uploads/2021/02/DSCF2551-1024x683.jpg" class="attachment-large size-large wp-image-1505" alt="" srcset="https://etreshumainsprofessionnels.fr/wp-content/uploads/2021/02/DSCF2551-1024x683.jpg 1024w, https://etreshumainsprofessionnels.fr/wp-content/uploads/2021/02/DSCF2551-300x200.jpg 300w, https://etreshumainsprofessionnels.fr/wp-content/uploads/2021/02/DSCF2551-768x512.jpg 768w, https://etreshumainsprofessionnels.fr/wp-content/uploads/2021/02/DSCF2551-1536x1024.jpg 1536w, https://etreshumainsprofessionnels.fr/wp-content/uploads/2021/02/DSCF2551-2048x1365.jpg 2048w, https://etreshumainsprofessionnels.fr/wp-content/uploads/2021/02/DSCF2551-450x300.jpg 450w, https://etreshumainsprofessionnels.fr/wp-content/uploads/2021/02/DSCF2551-900x600.jpg 900w" sizes="(max-width: 1024px) 100vw, 1024px" />													</div>
				</div>
				<div class="elementor-element elementor-element-5925a40 elementor-widget elementor-widget-image" data-id="5925a40" data-element_type="widget" data-widget_type="image.default">
				<div class="elementor-widget-container">
													<img decoding="async" width="1024" height="569" src="https://etreshumainsprofessionnels.fr/wp-content/uploads/2021/02/IMG_20180909_111806-1024x569.jpg" class="attachment-large size-large wp-image-1597" alt="" srcset="https://etreshumainsprofessionnels.fr/wp-content/uploads/2021/02/IMG_20180909_111806-1024x569.jpg 1024w, https://etreshumainsprofessionnels.fr/wp-content/uploads/2021/02/IMG_20180909_111806-300x167.jpg 300w, https://etreshumainsprofessionnels.fr/wp-content/uploads/2021/02/IMG_20180909_111806-768x427.jpg 768w, https://etreshumainsprofessionnels.fr/wp-content/uploads/2021/02/IMG_20180909_111806-1536x853.jpg 1536w, https://etreshumainsprofessionnels.fr/wp-content/uploads/2021/02/IMG_20180909_111806-2048x1138.jpg 2048w, https://etreshumainsprofessionnels.fr/wp-content/uploads/2021/02/IMG_20180909_111806-450x250.jpg 450w, https://etreshumainsprofessionnels.fr/wp-content/uploads/2021/02/IMG_20180909_111806-1080x600.jpg 1080w" sizes="(max-width: 1024px) 100vw, 1024px" />													</div>
				</div>
				<div class="elementor-element elementor-element-2a2bffa elementor-widget elementor-widget-image" data-id="2a2bffa" data-element_type="widget" data-widget_type="image.default">
				<div class="elementor-widget-container">
													<img decoding="async" width="1024" height="569" src="https://etreshumainsprofessionnels.fr/wp-content/uploads/2021/02/IMG_20180911_093522-1024x569.jpg" class="attachment-large size-large wp-image-1598" alt="" srcset="https://etreshumainsprofessionnels.fr/wp-content/uploads/2021/02/IMG_20180911_093522-1024x569.jpg 1024w, https://etreshumainsprofessionnels.fr/wp-content/uploads/2021/02/IMG_20180911_093522-300x167.jpg 300w, https://etreshumainsprofessionnels.fr/wp-content/uploads/2021/02/IMG_20180911_093522-768x427.jpg 768w, https://etreshumainsprofessionnels.fr/wp-content/uploads/2021/02/IMG_20180911_093522-1536x853.jpg 1536w, https://etreshumainsprofessionnels.fr/wp-content/uploads/2021/02/IMG_20180911_093522-2048x1138.jpg 2048w, https://etreshumainsprofessionnels.fr/wp-content/uploads/2021/02/IMG_20180911_093522-450x250.jpg 450w, https://etreshumainsprofessionnels.fr/wp-content/uploads/2021/02/IMG_20180911_093522-1080x600.jpg 1080w" sizes="(max-width: 1024px) 100vw, 1024px" />													</div>
				</div>
					</div>
		</div>
					</div>
		</section>
				</div>

<p>Que demande le peuple ? Espace public Un livre en préparation et un projet citoyen &#8220;Qu&#8217;est-ce que c&#8217;est? Un grognement? Quelqu&#8217;un à terre.Ce n&#8217;est pas moi. Ca ne peut pas être moi&#8230;&#8221; Ainsi commence &#8220;Espace public&#8221;, livre de poèmes et de courts récits. Michel Aymard explore l&#8217;espace urbain, où il vit quotidiennement. Paris, la région &hellip;</p>
<p class="read-more"> <a class="" href="https://etreshumainsprofessionnels.fr/index.php/espace-public/"> <span class="screen-reader-text">Espace public</span> Read More &raquo;</a></p>
